NOAA Style Climate Reports


Report for January 2022
                   MONTHLY CLIMATOLOGICAL SUMMARY for Jan 2022


NAME: Narangba, Queensland, Australia                  
ELEV: 46 metres    LAT: 27-11.15 S    LONG: 152-57.42 E


                   TEMPERATURE (°C), RAIN (mm), WIND SPEED (km/h)

                                         HEAT   COOL         AVG
      MEAN                               DEG    DEG          WIND                  DOM
DAY   TEMP   HIGH   TIME    LOW   TIME   DAYS   DAYS   RAIN  SPEED   HIGH   TIME   DIR
--------------------------------------------------------------------------------------
 01   21.4   23.5  00:00   20.1  22:58    0.0    3.0   27.4    2.6   25.7  11:21   178
 02   23.0   28.6  10:55   19.2  03:20    0.0    4.7    1.2    3.7   25.7  08:03   172
 03   25.3   30.2  16:31   20.6  01:39    0.0    6.9    0.0    6.5   45.1  08:25   185
 04   27.2   32.1  15:59   23.1  04:33    0.0    8.8    0.0    8.8   40.2  07:13   183
 05   25.8   30.2  13:28   23.6  01:20    0.0    7.5    0.0    4.0   24.1  13:44   152
 06   25.4   28.0  12:18   23.2  03:14    0.0    7.1    6.6    3.9   27.4  10:45   130
 07   24.8   26.8  11:39   23.1  21:49    0.0    6.5   18.4    2.1   20.9  11:43   104
 08   24.1   26.0  14:01   23.2  19:55    0.0    5.8    5.6    0.3   20.9  19:02    46
 09   25.7   29.9  14:00   22.9  05:42    0.0    7.3    0.0    1.0   16.1  10:00    62
 10   25.2   29.8  11:34   20.9  04:04    0.0    6.8    0.6    1.6   17.7  14:17   107
 11   24.3   28.6  12:20   20.4  23:58    0.0    6.0    9.6    1.5   25.7  09:58   111
 12   24.1   29.2  13:29   19.3  01:58    0.0    5.8    0.0    2.2   20.9  14:46   146
 13   24.3   28.8  11:22   20.3  04:41    0.0    6.0    0.6    1.8   19.3  12:06   113
 14   23.9   29.0  11:34   19.5  01:03    0.0    5.6    0.0    2.1   17.7  15:46   103
 15   24.7   29.2  12:33   19.4  05:29    0.0    6.4    0.0    1.7   20.9  15:43    36
 16   25.5   31.2  12:36   20.4  05:21    0.0    7.2   14.4    1.6   19.3  02:22    34
 17   26.3   31.1  11:36   21.9  04:32    0.0    8.0    0.0    1.3   14.5  12:15    44
 18   25.9   30.3  14:16   22.4  05:22    0.0    7.6    0.0    1.3   16.1  13:56    40
 19   26.0   31.3  12:01   21.8  03:09    0.0    7.6   15.0    1.4   16.1  13:56    57
 20   22.5   26.5  13:46   20.3  04:13    0.0    4.2   58.6    3.1   32.2  03:22   170
 21   23.3   27.8  11:42   20.4  00:34    0.0    5.0    1.0    5.8   33.8  11:46   147
 22   22.7   27.7  12:36   19.3  05:09    0.0    4.3    0.2    3.4   22.5  11:54   164
 23   22.6   28.6  14:04   17.8  03:19    0.0    4.3    0.0    1.8   20.9  16:39   162
 24   19.2   19.8  00:12   18.6  02:13    0.0    0.8    0.0    0.0    6.4  00:05    90
 25
 26
 27
 28
 29
 30
 31
--------------------------------------------------------------------------------------
      24.5   32.1     04   17.8     23    0.0  143.2  159.2    2.8   45.1     03   151