NOAA Style Climate Reports


Report for 2013
                        CLIMATOLOGICAL SUMMARY FOR 2013


NAME: Narangba, Queensland, Australia                  
ELEV: 46 metres    LAT: 27-11.15 S    LONG: 152-57.42 E


                                   TEMPERATURE (°C)

                            HEAT   COOL                         MAX  MAX  MIN  MIN
         MEAN  MEAN         DEG    DEG                          >=   <=   <=   <=
 YR  MO  MAX   MIN   MEAN   DAYS   DAYS   HI   DAY  LOW   DAY   30   20   10    5
----------------------------------------------------------------------------------
2013 01  30.5  21.7  25.6    0.0  225.5  36.8   09  18.3   17   16    0    0    0
2013 02  27.9  20.4  23.6    0.0  147.5  34.3   23  17.3   04    3    0    0    0
2013 03  27.9  19.4  23.0    0.0  146.0  34.9   17  16.8   31    5    0    0    0
2013 04  26.1  16.0  20.4    0.5   62.8  29.3   18  11.3   21    0    0    0    0
2013 05  22.9  13.2  17.5   36.8   10.6  27.8   04   6.7   20    0    2    6    0
2013 06  20.5  11.4  15.6   82.0    1.3  24.9   02   5.4   26    0   12   11    0
2013 07  21.2  12.1  16.0   72.3    0.1  24.7   06   7.3   24    0    6    1    0
2013 08  24.4   9.4  16.5   60.9    3.7  28.7   31   3.5   23    0    0   18    3
2013 09  26.8  13.6  19.8    6.7   52.0  33.6   11   9.4   06    6    0    2    0
2013 10  28.7  15.0  21.6    0.7  101.5  37.1   07  10.5   06   11    0    0    0
2013 11  28.1  17.0  22.2    0.0  115.2  34.6   29  12.6   08    6    0    0    0
2013 12  28.8  18.0  23.3    0.0  155.2  37.1   29  14.7   06    8    0    0    0
----------------------------------------------------------------------------------
         26.2  15.6  20.4  260.1 1021.3  37.1  Oct   3.5  Aug   55   20   38    3


             PRECIPITATION (mm)

                 MAX         ---DAYS OF RAIN---
                 OBS.               OVER
 YR  MO  TOTAL   DAY    DATE   0.3    3.0   30.0
--------------------------------------------------
2013 01  238.8  111.2    27    15      9      3
2013 02  229.6   89.8    25    18     12      2
2013 03  194.4   94.8    02    21     10      1
2013 04   88.0   32.2    13    16      7      1
2013 05   41.6    9.0    10    11      5      0
2013 06   70.4   24.4    10    12      6      0
2013 07   57.2   13.6    30    15      5      0
2013 08    1.0    0.2    01     0      0      0
2013 09   25.8   20.6    16     4      2      0
2013 10   13.8    8.4    29     5      2      0
2013 11  166.6   38.2    13    11      7      2
2013 12   34.6   14.4    29     8      2      0
--------------------------------------------------
        1161.8  111.2   Jan   136     67      9


      WIND SPEED (km/h)

                             DOM
 YR  MO   AVG   HI     DATE  DIR
---------------------------------
2013 01   4.1  56.3     28    44 
2013 02   3.6  37.0     22   128 
2013 03   2.5  41.8     24   115 
2013 04   2.2  33.8     16   138 
2013 05   2.5  37.0     24   161 
2013 06   2.2  35.4     15   175 
2013 07   2.2  38.6     30   154 
2013 08   2.0  35.4     08   222 
2013 09   2.5  30.6     03    32 
2013 10   3.6  43.5     14    25 
2013 11   3.1  49.9     18    33 
2013 12   2.7  33.8     05    42 
---------------------------------
          2.8  56.3    Jan    92