NOAA Style Climate Reports


Report for January 2013
                   MONTHLY CLIMATOLOGICAL SUMMARY for Jan 2013


NAME: Narangba, Queensland, Australia                  
ELEV: 46 metres    LAT: 27-11.15 S    LONG: 152-57.42 E


                   TEMPERATURE (°C), RAIN (mm), WIND SPEED (km/h)

                                         HEAT   COOL         AVG
      MEAN                               DEG    DEG          WIND                  DOM
DAY   TEMP   HIGH   TIME    LOW   TIME   DAYS   DAYS   RAIN  SPEED   HIGH   TIME   DIR
--------------------------------------------------------------------------------------
 01   24.5   29.7  12:00   19.4  02:40    0.0    6.1    0.0    2.9   20.9  13:15    52
 02   26.6   33.6  11:35   19.4  04:45    0.0    8.2    0.0    2.5   17.7  13:30    43
 03   26.2   29.7  12:30   23.3  04:50    0.0    7.8    0.0    4.9   27.4  13:45   109
 04   25.4   29.6  13:40   21.9  05:15    0.0    7.0    0.0    3.9   27.4  14:05   102
 05   24.6   28.8  12:00   21.1  03:30    0.0    6.2    1.8    2.4   22.5  12:40    89
 06   24.6   28.6  13:35   20.9  05:00    0.0    6.2    1.4    2.4   24.1  12:00    76
 07   25.3   30.0  14:25   22.6  19:40    0.0    7.0    0.6    3.2   29.0  13:00   109
 08   25.1   30.1  14:15   20.0  04:25    0.0    6.8    0.0    4.6   24.1  14:50    24
 09   27.3   36.8  12:35   18.4  05:25    0.0    8.9    0.0    5.1   25.7  14:30     1
 10   27.7   32.4  12:05   23.0  05:40    0.0    9.3    0.2    3.9   22.5  15:35    29
 11   27.7   32.5  14:20   23.8  05:05    0.0    9.3    0.0    5.3   25.7  13:30    13
 12   28.6   34.4  11:20   24.3  05:00    0.0   10.3    0.0    5.1   25.7  15:50     9
 13   28.0   34.7  12:55   23.1  05:10    0.0    9.6    0.0    4.6   27.4  14:15    13
 14   25.4   32.1  10:40   22.2  03:20    0.0    7.1    0.0    4.0   25.7  19:10   117
 15   23.2   28.2  12:30   19.6  04:25    0.0    4.9    3.0    3.5   20.9  01:45   111
 16   23.9   29.4  14:00   19.4  00:00    0.0    5.5    0.0    2.8   25.7  17:15    45
 17   23.9   29.4  13:50   18.3  04:15    0.0    5.6    0.0    2.6   19.3  13:20    45
 18   25.6   32.2  14:20   19.1  05:20    0.0    7.3    0.0    4.6   24.1  13:10    12
 19   27.3   33.8  11:05   20.6  05:25    0.0    8.9    0.0    3.8   27.4  13:00    29
 20   26.8   31.6  10:45   22.8  23:55    0.0    8.4    6.0    3.2   24.1  12:20    46
 21   25.0   30.1  11:20   21.9  00:00    0.0    6.7   11.0    2.2   20.9  12:55    69
 22   24.2   28.4  13:45   21.4  05:10    0.0    5.9    2.4    2.5   17.7  14:10    69
 23   25.6   30.2  13:50   21.4  04:40    0.0    7.2    0.4    2.9   20.9  16:00    57
 24   24.0   27.1  10:35   22.4  21:00    0.0    5.6    9.0    0.9   17.7  08:50    57
 25   23.8   26.9  11:10   22.4  01:40    0.0    5.5   32.8    3.3   32.2  10:15    56
 26   24.6   25.5  07:00   23.5  01:20    0.0    6.3   37.6    7.3   35.4  23:00    44
 27   24.0   25.1  22:30   23.2  02:00    0.0    5.7  111.2   13.3   51.5  22:15    40
 28   25.1   28.1  10:40   23.7  23:40    0.0    6.8   15.0   11.4   56.3  04:55    24
 29   27.6   35.7  13:45   21.6  05:10    0.0    9.2    0.2    2.4   20.9  10:10   338
 30   26.9   32.6  11:20   24.0  23:05    0.0    8.5    0.4    3.2   24.1  15:05   116
 31   25.6   28.8  13:05   23.0  04:35    0.0    7.3    5.8    2.5   22.5  14:40    38
--------------------------------------------------------------------------------------
      25.6   36.8     09   18.3     17    0.0  225.5  238.8    4.1   56.3     28    44