NOAA Style Climate Reports


Report for May 2013
                   MONTHLY CLIMATOLOGICAL SUMMARY for May 2013


NAME: Narangba, Queensland, Australia                  
ELEV: 46 metres    LAT: 27-11.15 S    LONG: 152-57.42 E


                   TEMPERATURE (°C), RAIN (mm), WIND SPEED (km/h)

                                         HEAT   COOL         AVG
      MEAN                               DEG    DEG          WIND                  DOM
DAY   TEMP   HIGH   TIME    LOW   TIME   DAYS   DAYS   RAIN  SPEED   HIGH   TIME   DIR
--------------------------------------------------------------------------------------
 01   20.6   27.0  12:05   16.3  00:00    0.0    2.2    0.2    1.8   14.5  13:25   131
 02   20.4   27.4  13:00   13.8  05:20    0.0    2.1    0.2    2.6   25.7  19:00   128
 03   19.0   23.9  12:10   13.5  00:00    0.0    0.6    0.0    2.3   22.5  01:05   138
 04   18.6   27.8  14:55   11.4  05:35    0.0    0.2    0.2    1.3   19.3  13:10   225
 05   19.1   24.7  11:45   14.8  00:05    0.0    0.7    0.0    1.5   16.1  11:25   125
 06   19.3   24.1  12:40   15.5  06:40    0.0    0.9    0.0    2.6   29.0  11:00   130
 07   19.1   24.5  12:20   15.5  06:35    0.0    0.8    0.0    3.9   22.5  14:00   144
 08   19.1   23.3  14:00   15.8  06:20    0.0    0.8    0.0    4.1   20.9  08:00   142
 09   19.3   24.3  13:15   15.2  05:30    0.0    0.9    0.8    2.9   17.7  08:40   141
 10   17.4   21.0  11:05   14.7  20:50    0.9    0.0    9.0    2.6   25.7  10:05   157
 11   17.5   21.3  09:50   14.7  03:45    0.8    0.0    5.0    3.6   19.3  08:20   155
 12   18.5   23.8  13:45   15.4  06:30    0.0    0.2    1.2    3.7   22.5  02:00   151
 13   18.8   22.8  13:20   16.4  06:20    0.0    0.5    0.8    1.2   11.3  08:20   161
 14   18.9   23.6  14:25   17.3  02:00    0.0    0.6    2.4    0.7   12.9  13:40   230
 15   18.2   22.4  13:45   14.5  22:40    0.2    0.0    0.0    2.4   22.5  13:30   202
 16   15.7   18.0  00:55   13.4  23:45    2.6    0.0    0.0    1.1   14.5  11:10   269
 17   16.4   23.1  14:25    9.8  23:25    1.9    0.0    0.0    2.7   27.4  11:55   220
 18   16.3   21.8  14:50    8.3  06:25    2.0    0.0    0.0    2.8   35.4  12:50   193
 19   13.8   20.7  15:00    7.2  04:10    4.6    0.0    0.0    2.7   27.4  09:30   197
 20   13.2   21.7  14:05    6.7  04:35    5.1    0.0    0.0    1.2   14.5  14:40   208
 21   14.5   22.6  13:15    7.3  05:45    3.8    0.0    0.0    0.6    9.7  10:20   147
 22   13.7   18.2  11:45   12.3  04:20    4.6    0.0    7.4    0.5   14.5  17:50   317
 23   16.0   21.2  14:00   11.1  06:40    2.3    0.0    0.2    2.7   20.9  10:30   193
 24   16.3   21.3  13:00    9.5  03:50    2.0    0.0    0.0    5.3   37.0  10:15   200
 25   18.4   22.7  13:50   14.8  23:55    0.0    0.0    0.0    5.3   32.2  10:05   162
 26   17.2   23.2  14:00   13.0  06:35    1.2    0.0    0.0    2.6   20.9  12:05   159
 27   17.4   23.8  13:10   13.0  01:20    1.0    0.0    0.0    2.3   19.3  12:20   144
 28   17.8   22.7  12:40   15.1  04:50    0.6    0.0    5.0    3.3   25.7  12:00   148
 29   17.5   22.6  13:25   14.4  04:55    0.9    0.0    0.4    2.3   20.9  14:00   132
 30   16.8   20.3  11:15   14.6  06:35    1.6    0.0    7.8    2.0   12.9  00:30   157
 31   17.5   23.2  11:30   13.8  23:40    0.8    0.0    1.0    2.0   17.7  11:40   132
--------------------------------------------------------------------------------------
      17.5   27.8     04    6.7     20   36.8   10.6   41.6    2.5   37.0     24   161