NOAA Style Climate Reports


Report for July 2013
                   MONTHLY CLIMATOLOGICAL SUMMARY for Jul 2013


NAME: Narangba, Queensland, Australia                  
ELEV: 46 metres    LAT: 27-11.15 S    LONG: 152-57.42 E


                   TEMPERATURE (°C), RAIN (mm), WIND SPEED (km/h)

                                         HEAT   COOL         AVG
      MEAN                               DEG    DEG          WIND                  DOM
DAY   TEMP   HIGH   TIME    LOW   TIME   DAYS   DAYS   RAIN  SPEED   HIGH   TIME   DIR
--------------------------------------------------------------------------------------
 01   15.6   17.3  09:30   13.3  00:15    2.7    0.0    7.6    8.3   35.4  21:00   168
 02   18.2   22.1  13:20   15.2  04:15    0.1    0.0   11.6    7.9   37.0  01:20   165
 03   18.5   23.2  13:50   15.0  20:20    0.0    0.1    0.0    2.9   22.5  09:40   150
 04   17.7   23.7  11:20   13.2  23:40    0.6    0.0    0.0    1.1   12.9  11:30    85
 05   17.4   23.9  15:45   12.0  02:05    0.9    0.0    0.0    0.9   12.9  11:20   323
 06   16.3   24.7  11:45   10.3  06:45    2.0    0.0    0.2    0.6   11.3  13:15    41
 07   15.7   22.1  13:10   10.3  06:30    2.6    0.0    0.2    1.0   12.9  13:25    93
 08   15.5   20.7  13:35   11.5  23:15    2.8    0.0    0.0    2.0   16.1  09:45   149
 09   15.4   20.7  13:40   10.7  01:20    3.0    0.0    0.0    3.9   24.1  10:00   147
 10   14.6   16.2  16:00   13.2  06:20    3.7    0.0    2.4    4.2   20.9  12:30   156
 11   15.9   21.4  12:15   12.6  22:10    2.4    0.0    0.2    2.8   19.3  11:10   142
 12   15.9   20.6  11:40   12.6  05:55    2.4    0.0    0.0    2.3   19.3  10:00   151
 13   15.1   20.9  14:10   10.9  06:45    3.3    0.0    0.0    1.1   16.1  09:40   131
 14   15.0   20.6  13:30   11.1  02:10    3.3    0.0    0.4    1.5   16.1  11:45   159
 15   15.7   19.6  10:40   13.5  01:20    2.6    0.0    0.6    1.6   11.3  05:20   131
 16   16.5   21.7  12:35   12.9  06:50    1.8    0.0    2.8    1.5   16.1  13:55    82
 17   16.1   20.7  15:20   13.2  23:15    2.2    0.0    0.6    0.9   12.9  09:25   135
 18   16.1   21.9  14:15   11.9  02:50    2.3    0.0    0.4    1.3   14.5  13:35    82
 19   17.3   21.8  11:35   13.1  03:50    1.0    0.0    7.8    1.0   12.9  12:15    22
 20   17.3   23.7  12:50   14.4  07:10    1.0    0.0    0.4    1.7   24.1  13:05   296
 21   16.0   22.3  14:25   11.1  06:45    2.4    0.0    0.2    1.0   16.1  12:00   206
 22   15.2   19.7  11:45   12.1  06:05    3.2    0.0    5.0    0.4   11.3  19:35   161
 23   14.3   19.1  13:15   11.4  06:35    4.0    0.0    1.4    2.5   22.5  14:30   190
 24   13.4   19.6  15:45    7.3  05:15    4.9    0.0    0.0    2.5   22.5  14:55   161
 25   16.5   21.3  13:10   12.7  00:50    1.8    0.0    0.0    2.4   29.0  10:25   150
 26   15.6   20.3  13:35   11.8  00:00    2.7    0.0    0.0    0.8   12.9  09:45    81
 27   15.7   22.2  13:35   10.6  04:00    2.7    0.0    0.2    1.7   17.7  14:20   127
 28   15.8   21.7  10:10   11.8  03:40    2.5    0.0    0.6    1.6   14.5  10:45   127
 29   16.4   22.1  12:25   13.4  04:50    1.9    0.0    0.8    2.2   16.1  08:50   152
 30   15.8   21.2  13:45   11.4  00:00    2.6    0.0   13.6    1.7   38.6  15:20   153
 31   15.5   21.8  13:30   10.7  02:15    2.9    0.0    0.2    2.5   27.4  11:40   156
--------------------------------------------------------------------------------------
      16.0   24.7     06    7.3     24   72.3    0.1   57.2    2.2   38.6     30   154