NOAA Style Climate Reports


Report for December 2013
                   MONTHLY CLIMATOLOGICAL SUMMARY for Dec 2013


NAME: Narangba, Queensland, Australia                  
ELEV: 46 metres    LAT: 27-11.15 S    LONG: 152-57.42 E


                   TEMPERATURE (°C), RAIN (mm), WIND SPEED (km/h)

                                         HEAT   COOL         AVG
      MEAN                               DEG    DEG          WIND                  DOM
DAY   TEMP   HIGH   TIME    LOW   TIME   DAYS   DAYS   RAIN  SPEED   HIGH   TIME   DIR
--------------------------------------------------------------------------------------
 01   20.6   25.3  11:15   16.2  23:15    0.0    2.3    0.0    4.2   27.4  07:15   132
 02   21.0   25.8  11:40   14.7  04:35    0.0    2.6    0.0    3.0   25.7  07:55   116
 03   20.6   25.9  11:05   14.8  04:35    0.0    2.3    0.0    2.4   24.1  13:20    72
 04   22.1   27.4  11:30   15.2  04:45    0.0    3.8    0.0    3.8   20.9  13:45     6
 05   25.3   35.1  14:00   17.1  05:00    0.0    7.0    1.6    3.6   33.8  12:10   305
 06   21.5   29.3  14:25   14.7  05:05    0.0    3.1    0.0    2.2   20.9  11:50   145
 07   20.5   26.0  11:25   14.7  04:45    0.0    2.2    0.0    2.6   20.9  13:40    47
 08   21.1   27.1  12:15   15.2  04:20    0.0    2.8    0.0    2.6   22.5  15:00    39
 09   22.1   27.8  12:20   15.3  05:00    0.0    3.7    0.0    3.8   22.5  13:55    11
 10   23.8   31.1  12:15   16.6  04:10    0.0    5.4    0.0    3.4   22.5  12:55     3
 11   24.8   30.3  13:55   21.0  04:40    0.0    6.4   12.8    1.8   22.5  19:25   349
 12   22.4   25.6  09:40   20.1  00:00    0.0    4.1    0.8    0.6   16.1  12:10   322
 13   23.4   30.1  11:20   17.1  05:20    0.0    5.1    0.2    2.0   20.9  14:40    57
 14   24.1   28.9  13:25   19.6  05:15    0.0    5.8    0.0    2.8   22.5  16:45    39
 15   24.2   29.1  13:25   20.1  02:35    0.0    5.9    0.2    2.0   20.9  13:05    37
 16   24.1   28.2  11:50   20.3  05:00    0.0    5.8    1.0    2.8   29.0  15:20    46
 17   22.8   26.4  13:50   19.5  02:10    0.0    4.4    2.0    2.0   19.3  10:05   107
 18   23.1   27.7  12:10   17.7  04:20    0.0    4.7    0.0    2.5   27.4  13:00   108
 19   22.3   27.5  13:05   16.8  05:05    0.0    4.0    0.0    2.3   24.1  12:30   102
 20   22.2   28.3  14:25   16.7  02:45    0.0    3.9    0.0    2.4   20.9  11:10    57
 21   23.0   29.1  14:25   16.7  03:45    0.0    4.6    0.0    3.2   25.7  12:10    21
 22   23.2   29.2  13:45   16.9  04:40    0.0    4.9    0.0    2.9   20.9  13:50    33
 23   23.8   29.8  12:40   17.0  04:45    0.0    5.5    0.0    5.1   33.8  13:45     7
 24   24.8   31.1  11:55   17.2  04:45    0.0    6.5    0.0    3.0   25.7  13:30    16
 25   25.3   30.0  13:10   21.3  23:40    0.0    6.9    0.0    2.5   22.5  13:00    47
 26   25.4   31.8  11:05   18.9  05:35    0.0    7.1    0.0    3.6   25.7  10:00     6
 27   24.9   29.1  10:35   20.4  03:55    0.0    6.6    0.0    1.9   20.9  12:15   119
 28   24.9   28.8  12:30   22.3  00:00    0.0    6.6    0.0    2.0   19.3  14:35    51
 29   27.5   37.1  12:15   20.1  05:05    0.0    9.2   14.4    3.3   27.4  19:00    21
 30   24.6   28.7  11:40   21.8  05:00    0.0    6.3    0.8    2.2   20.9  00:05   104
 31   24.0   26.3  10:25   21.9  02:35    0.0    5.6    0.8    1.3   16.1  01:40   140
--------------------------------------------------------------------------------------
      23.3   37.1     29   14.7     06    0.0  155.2   34.6    2.7   33.8     05    42