NOAA Style Climate Reports


Report for 2014
                        CLIMATOLOGICAL SUMMARY FOR 2014


NAME: Narangba, Queensland, Australia                  
ELEV: 46 metres    LAT: 27-11.15 S    LONG: 152-57.42 E


                                   TEMPERATURE (°C)

                            HEAT   COOL                         MAX  MAX  MIN  MIN
         MEAN  MEAN         DEG    DEG                          >=   <=   <=   <=
 YR  MO  MAX   MIN   MEAN   DAYS   DAYS   HI   DAY  LOW   DAY   30   20   10    5
----------------------------------------------------------------------------------
2014 01  30.0  20.8  25.0    0.0  205.5  43.8   04  18.4   20   10    0    0    0
2014 02  29.6  20.3  24.5    0.0  174.0  35.1   16  18.0   26    9    0    0    0
2014 03  28.2  19.6  23.4    0.0  158.0  33.3   16  16.5   16    4    0    0    0
2014 04  27.4  16.7  21.4    0.0   91.8  30.8   12  12.1   19    3    0    0    0
2014 05  24.3  13.8  18.4   15.8   17.8  28.1   28   7.5   05    0    0    2    0
2014 06  22.7  11.7  16.6   54.8    1.4  25.2   05   2.9   27    0    2    8    1
2014 07  21.9   7.7  14.2  128.2    0.0  26.7   31   2.5   09    0    5   24    6
2014 08  21.8  10.9  16.0   73.3    0.8  28.4   01   7.1   07    0    4    9    0
2014 09  24.7  11.9  17.9   20.9    7.7  30.0   17   7.4   05    1    0    6    0
2014 10  27.5  14.7  20.9    0.0   79.1  39.7   27   9.6   16    6    0    1    0
2014 11  29.8  19.4  24.2    0.0  175.8  42.4   16  15.5   05   12    0    0    0
2014 12  29.9  20.3  24.5    0.0  192.3  37.2   17  16.4   15   13    0    0    0
----------------------------------------------------------------------------------
         26.5  15.6  20.6  293.0 1104.2  43.8  Jan   2.5  Jul   58   11   50    7


             PRECIPITATION (mm)

                 MAX         ---DAYS OF RAIN---
                 OBS.               OVER
 YR  MO  TOTAL   DAY    DATE   0.3    3.0   30.0
--------------------------------------------------
2014 01   77.8   23.8    23    10      6      0
2014 02   35.2   15.4    18     9      4      0
2014 03  159.6   49.4    27    18      8      1
2014 04   53.8   28.2    06     8      4      0
2014 05   43.2   21.8    30    10      2      0
2014 06   10.2    3.0    22     4      1      0
2014 07    9.8    4.0    22     4      2      0
2014 08   83.8   26.6    16     7      5      0
2014 09   22.4    8.0    22     8      2      0
2014 10   18.4   14.6    17     4      1      0
2014 11   24.0    5.6    29     7      4      0
2014 12   84.0   24.4    26    13      8      0
--------------------------------------------------
         622.2   49.4   Mar   102     47      1


      WIND SPEED (km/h)

                             DOM
 YR  MO   AVG   HI     DATE  DIR
---------------------------------
2014 01   2.8  38.6     03    71 
2014 02   2.8  32.2     15    62 
2014 03   2.1  37.0     10    66 
2014 04   1.6  41.8     06   114 
2014 05   1.6  37.0     04   149 
2014 06   1.7  35.4     29   167 
2014 07   2.0  46.7     18   187 
2014 08   2.8  41.8     18   154 
2014 09   2.6  45.1     03    90 
2014 10   2.8  33.8     15    41 
2014 11   3.4  37.0     16    30 
2014 12   2.8  38.6     18    43 
---------------------------------
          2.4  46.7    Jul    81