NOAA Style Climate Reports


Report for October 2014
                   MONTHLY CLIMATOLOGICAL SUMMARY for Oct 2014


NAME: Narangba, Queensland, Australia                  
ELEV: 46 metres    LAT: 27-11.15 S    LONG: 152-57.42 E


                   TEMPERATURE (°C), RAIN (mm), WIND SPEED (km/h)

                                         HEAT   COOL         AVG
      MEAN                               DEG    DEG          WIND                  DOM
DAY   TEMP   HIGH   TIME    LOW   TIME   DAYS   DAYS   RAIN  SPEED   HIGH   TIME   DIR
--------------------------------------------------------------------------------------
 01   22.0   33.3  13:45   13.2  05:20    0.0    3.7    0.0    3.5   30.6  20:20    36
 02   18.8   22.6  11:30   13.3  00:00    0.0    0.5    0.0    2.7   22.5  00:25    76
 03   18.6   24.8  11:25   11.3  05:45    0.0    0.2    0.0    2.5   22.5  13:20    23
 04   19.7   24.7  14:15   14.3  00:00    0.0    1.4    0.0    2.0   19.3  13:30    24
 05   19.3   26.7  13:30   13.1  02:50    0.0    1.0    0.0    2.5   22.5  16:30    10
 06   19.3   26.9  13:30   11.7  05:40    0.0    1.0    0.2    2.2   17.7  13:50    27
 07   19.9   27.9  12:40   11.2  05:50    0.0    1.6    0.2    3.1   20.9  14:00     2
 08   22.2   31.2  10:55   15.4  02:40    0.0    3.8    0.0    2.4   22.5  12:05    76
 09   20.9   24.3  12:30   18.7  20:30    0.0    2.5    0.0    2.4   22.5  11:55   102
 10   19.7   24.5  13:20   15.1  05:25    0.0    1.4    0.0    1.8   17.7  12:50    42
 11   19.5   25.6  12:40   14.4  04:35    0.0    1.2    0.0    2.1   19.3  17:10    37
 12   19.5   25.4  12:40   14.3  05:15    0.0    1.1    0.0    2.4   22.5  11:55    42
 13   20.7   26.9  13:05   13.7  04:25    0.0    2.4    1.6    4.9   30.6  14:05     8
 14   21.6   27.8  12:55   16.3  00:00    0.0    3.3    0.2    4.3   30.6  12:20   233
 15   18.4   26.6  15:35   10.9  02:30    0.0    0.1    0.0    3.4   33.8  10:15   225
 16   18.8   26.2  13:35    9.6  05:30    0.0    0.5    0.0    2.0   16.1  08:10    67
 17   20.6   28.1  11:35   13.3  04:25    0.0    2.3   14.6    2.2   24.1  14:45    31
 18   19.8   24.6  12:45   15.3  05:00    0.0    1.5    0.4    3.1   25.7  11:55   108
 19   19.9   25.8  12:00   16.1  22:30    0.0    1.6    0.0    3.0   19.3  12:55    97
 20   19.6   25.2  13:10   13.5  05:10    0.0    1.2    0.0    1.9   16.1  12:40    48
 21   19.8   25.3  12:15   15.4  01:10    0.0    1.4    1.0    3.2   27.4  09:05   118
 22   19.5   23.9  13:10   15.2  04:50    0.0    1.2    0.0    2.6   22.5  14:20   112
 23   19.8   25.6  11:40   13.7  05:20    0.0    1.4    0.0    2.5   22.5  15:35    34
 24   20.0   25.8  12:55   13.8  04:55    0.0    1.7    0.0    3.0   22.5  16:25    26
 25   21.6   30.1  12:50   13.8  05:25    0.0    3.3    0.0    3.3   22.5  13:35     6
 26   23.5   30.1  13:15   16.3  04:50    0.0    5.2    0.0    3.3   24.1  13:30    16
 27   27.3   39.7  15:10   17.4  05:25    0.0    8.9    0.0    3.2   27.4  14:30   339
 28   26.0   34.7  09:20   19.8  23:50    0.0    7.7    0.0    1.9   24.1  12:45    77
 29   23.4   29.4  11:40   17.1  05:35    0.0    5.0    0.2    2.2   22.5  13:20   109
 30   23.0   28.8  12:25   18.4  02:25    0.0    4.7    0.0    2.7   20.9  14:25    53
 31   24.8   29.9  12:05   21.5  00:00    0.0    6.4    0.0    4.5   27.4  13:50    13
--------------------------------------------------------------------------------------
      20.9   39.7     27    9.6     16    0.0   79.1   18.4    2.8   33.8     15    41