NOAA Style Climate Reports


Report for February 2015
                   MONTHLY CLIMATOLOGICAL SUMMARY for Feb 2015


NAME: Narangba, Queensland, Australia                  
ELEV: 46 metres    LAT: 27-11.15 S    LONG: 152-57.42 E


                   TEMPERATURE (°C), RAIN (mm), WIND SPEED (km/h)

                                         HEAT   COOL         AVG
      MEAN                               DEG    DEG          WIND                  DOM
DAY   TEMP   HIGH   TIME    LOW   TIME   DAYS   DAYS   RAIN  SPEED   HIGH   TIME   DIR
--------------------------------------------------------------------------------------
 01   26.0   31.8  12:55   20.7  05:45    0.0    7.7    0.2    1.6   16.1  13:25    45
 02   24.7   29.1  09:50   20.3  00:00    0.0    6.4    1.6    2.8   25.7  16:45   119
 03   23.6   28.4  10:35   19.7  01:10    0.0    5.3    2.0    3.7   27.4  12:15   135
 04   23.6   28.3  13:15   19.9  05:30    0.0    5.3    0.0    4.2   27.4  08:55   136
 05   23.7   28.8  13:10   19.9  05:50    0.0    5.3    0.2    3.8   29.0  12:05   125
 06   24.1   28.4  14:40   20.5  04:15    0.0    5.7    0.4    4.9   27.4  12:50   126
 07   24.1   28.6  13:50   20.5  05:55    0.0    5.8    0.2    3.1   24.1  14:25   115
 08   24.3   29.6  13:25   19.7  04:40    0.0    6.0    0.2    2.3   17.7  14:20    66
 09   24.4   29.9  13:05   19.6  05:00    0.0    6.0    3.2    2.8   20.9  11:55   112
 10   23.5   28.5  14:35   20.3  04:40    0.0    5.2    4.2    3.8   33.8  21:45   131
 11   23.6   28.8  14:45   20.3  04:55    0.0    5.2   10.6    3.0   22.5  07:45   127
 12   24.0   28.1  14:35   20.6  05:15    0.0    5.6    0.6    2.5   20.9  13:00    95
 13   23.7   28.9  13:05   20.6  04:55    0.0    5.3    3.2    3.0   24.1  12:50   125
 14   23.7   28.7  14:25   19.9  05:20    0.0    5.4    0.0    2.7   22.5  08:15   125
 15   23.7   28.0  13:45   20.3  05:45    0.0    5.4    0.0    2.6   17.7  07:25   101
 16   24.0   28.5  10:45   19.6  03:10    0.0    5.7    2.4    2.1   24.1  11:10    82
 17   24.0   28.7  11:45   19.9  06:00    0.0    5.7    2.6    3.0   24.1  13:00   116
 18   23.9   28.7  12:15   21.1  01:30    0.0    5.5   13.2    3.5   27.4  10:25   132
 19   23.7   25.3  11:55   22.6  22:50    0.0    5.4   29.0    1.9   30.6  19:55   116
 20   21.8   22.8  00:05   21.2  19:05    0.0    3.5  185.6    4.0   30.6  06:00   149
 21   22.9   24.3  23:05   21.2  05:45    0.0    4.5   98.6    3.4   29.0  15:55   152
 22   25.8   31.3  14:10   22.4  04:35    0.0    7.5    1.4    4.4   25.7  09:45   157
 23   25.5   30.3  13:25   22.3  06:05    0.0    7.1    1.0    4.4   25.7  09:55   142
 24   24.9   29.7  13:25   21.8  05:50    0.0    6.6    1.2    3.1   20.9  09:55   133
 25   24.9   29.4  13:40   21.6  00:00    0.0    6.6    0.6    2.6   22.5  15:15   127
 26   24.3   29.2  11:40   20.0  05:50    0.0    6.0    0.2    1.7   14.5  14:05    70
 27   24.5   29.7  12:05   21.5  00:30    0.0    6.1    2.8    1.4   16.1  14:40    16
 28   25.1   29.9  11:10   21.2  04:05    0.0    6.8    0.0    1.6   17.7  15:40    48
--------------------------------------------------------------------------------------
      24.1   31.8     01   19.6     09    0.0  162.7  365.2    3.0   33.8     10   125