NOAA Style Climate Reports


Report for March 2015
                   MONTHLY CLIMATOLOGICAL SUMMARY for Mar 2015


NAME: Narangba, Queensland, Australia                  
ELEV: 46 metres    LAT: 27-11.15 S    LONG: 152-57.42 E


                   TEMPERATURE (°C), RAIN (mm), WIND SPEED (km/h)

                                         HEAT   COOL         AVG
      MEAN                               DEG    DEG          WIND                  DOM
DAY   TEMP   HIGH   TIME    LOW   TIME   DAYS   DAYS   RAIN  SPEED   HIGH   TIME   DIR
--------------------------------------------------------------------------------------
 01   25.5   30.5  12:50   20.9  05:45    0.0    7.2    0.0    1.6   17.7  15:30    33
 02   25.8   30.9  13:15   22.2  04:50    0.0    7.5    0.0    2.4   20.9  14:55   123
 03   25.2   29.7  10:55   21.1  06:15    0.0    6.8    0.0    2.1   19.3  12:20    78
 04   24.8   30.1  12:55   19.7  05:15    0.0    6.5    0.0    1.3   16.1  13:40    37
 05   27.6   36.5  15:50   20.1  06:05    0.0    9.2    0.0    2.2   30.6  22:50   351
 06   25.1   27.8  14:00   22.6  20:25    0.0    6.8    0.0    1.9   29.0  00:10    89
 07   24.7   29.9  11:55   19.8  06:05    0.0    6.4    0.0    1.4   17.7  11:40    43
 08   25.3   30.6  11:25   20.8  04:05    0.0    7.0    0.0    1.5   14.5  15:30    60
 09   26.0   30.8  12:00   22.2  01:25    0.0    7.7    0.0    1.8   14.5  10:25    57
 10   25.9   30.3  14:10   22.7  03:00    0.0    7.6    0.0    1.5   20.9  13:20    68
 11   25.1   29.3  10:40   21.1  05:40    0.0    6.7    0.8    1.4   19.3  15:00    74
 12   24.6   29.7  12:45   20.2  23:50    0.0    6.2    0.0    1.6   17.7  11:35   112
 13   23.9   29.3  11:25   19.7  01:35    0.0    5.6    0.8    3.0   22.5  11:35   133
 14   23.4   28.7  12:05   18.7  00:00    0.0    5.1    0.0    3.5   29.0  10:15   140
 15   23.5   31.9  15:05   15.9  06:15    0.0    5.2    0.0    2.0   27.4  12:50   149
 16   23.0   28.3  12:40   16.7  05:50    0.0    4.7    0.0    1.8   19.3  07:50   124
 17   23.1   28.1  10:55   18.5  23:55    0.0    4.7    0.0    1.5   17.7  13:25    42
 18   22.7   29.6  16:25   17.4  05:45    0.0    4.4    2.6    1.8   22.5  09:40   341
 19   26.5   36.8  13:50   19.3  05:55    0.0    8.2    0.0    1.3   17.7  12:20   346
 20   26.2   32.3  11:35   21.3  05:35    0.0    7.9    0.0    1.4   14.5  14:40    47
 21   24.4   28.4  12:00   21.7  23:55    0.0    6.1   11.6    1.3   19.3  14:25    32
 22   22.1   27.6  11:10   20.2  00:00    0.0    3.8   34.0    0.8   17.7  14:00   109
 23   22.4   27.1  14:15   19.8  06:00    0.0    4.0    1.6    1.1   16.1  07:45    69
 24   24.1   30.1  13:10   19.1  05:40    0.0    5.7    0.2    1.7   14.5  11:25    11
 25   25.9   32.8  12:45   21.0  01:35    0.0    7.5    0.0    1.7   16.1  15:35    17
 26   26.5   31.3  13:45   23.8  05:30    0.0    8.2    0.0    2.2   17.7  14:05   360
 27   26.0   32.7  13:30   21.9  05:25    0.0    7.7    0.0    1.2   16.1  10:10   140
 28   24.1   27.1  14:45   21.6  23:55    0.0    5.8    0.0    1.2   14.5  14:25    81
 29   23.0   27.8  12:25   19.1  23:55    0.0    4.7    0.0    1.3   14.5  11:10    44
 30   22.4   27.4  12:00   18.8  01:00    0.0    4.1    0.0    1.0   17.7  11:00    48
 31   21.6   24.8  11:40   19.6  23:55    0.0    3.3   11.6    1.3   17.7  18:10   153
--------------------------------------------------------------------------------------
      24.5   36.8     19   15.9     15    0.0  192.2   63.2    1.7   30.6     05    73