NOAA Style Climate Reports


Report for April 2015
                   MONTHLY CLIMATOLOGICAL SUMMARY for Apr 2015


NAME: Narangba, Queensland, Australia                  
ELEV: 46 metres    LAT: 27-11.15 S    LONG: 152-57.42 E


                   TEMPERATURE (°C), RAIN (mm), WIND SPEED (km/h)

                                         HEAT   COOL         AVG
      MEAN                               DEG    DEG          WIND                  DOM
DAY   TEMP   HIGH   TIME    LOW   TIME   DAYS   DAYS   RAIN  SPEED   HIGH   TIME   DIR
--------------------------------------------------------------------------------------
 01   20.4   23.8  15:20   19.1  09:20    0.0    2.1   26.2    1.5   17.7  08:10   151
 02   21.6   25.9  10:00   19.4  01:15    0.0    3.3   54.0    1.5   24.1  10:20   129
 03   23.5   27.4  11:55   20.9  01:35    0.0    5.2   32.8    1.7   24.1  22:50    53
 04   23.7   27.7  14:00   21.1  03:10    0.0    5.3    6.2    0.6   11.3  13:25    46
 05   23.6   29.3  13:05   18.1  23:55    0.0    5.3    0.4    1.6   24.1  12:50   233
 06   22.6   29.2  13:00   16.0  06:05    0.0    4.2    0.2    0.8   12.9  16:10    19
 07   23.8   28.7  10:30   20.1  06:10    0.0    5.4    0.6    1.4   30.6  10:15   301
 08   21.0   26.7  15:00   15.8  05:00    0.0    2.6    0.0    3.2   29.0  08:05   207
 09   19.0   26.6  13:30   11.4  06:10    0.0    0.7    0.0    1.3   16.1  10:00   112
 10   20.6   26.5  13:10   16.8  02:55    0.0    2.3    0.0    1.9   20.9  08:35   138
 11   21.3   25.7  14:00   17.4  00:00    0.0    2.9    0.0    2.5   19.3  08:55   154
 12   21.1   27.8  12:25   16.2  04:40    0.0    2.7    0.0    1.6   17.7  09:35   123
 13   21.5   26.2  11:25   17.7  06:20    0.0    3.1    0.2    1.5   22.5  13:30   120
 14   20.9   26.7  12:30   16.2  04:35    0.0    2.6    0.0    1.0   14.5  09:00   119
 15   21.0   26.0  11:10   17.6  02:55    0.0    2.7    0.0    1.2   12.9  07:25   111
 16   20.9   27.2  11:45   17.1  04:10    0.0    2.6    0.0    1.4   16.1  12:50    99
 17   21.6   26.9  13:40   16.9  06:20    0.0    3.3    0.2    1.6   16.1  14:05    66
 18   22.4   26.8  13:10   18.5  06:25    0.0    4.1    2.2    1.5   14.5  11:50    40
 19   22.7   28.4  13:05   18.4  05:50    0.0    4.3   17.2    0.9   16.1  11:20    14
 20   19.9   22.3  11:05   16.5  00:00    0.0    1.5    2.4    0.7   16.1  21:30   192
 21   16.9   22.0  14:00   12.7  20:50    1.4    0.0    0.0    3.0   24.1  02:05   233
 22   16.8   23.8  14:55   10.6  01:45    1.5    0.0    0.0    1.6   19.3  05:05   227
 23   17.4   26.2  13:55   10.5  05:45    1.0    0.0    0.0    0.8   14.5  09:20   150
 24   20.0   27.8  15:25   13.9  05:10    0.0    1.7    0.0    0.9   16.1  11:15   208
 25   20.6   29.7  14:55   13.2  06:30    0.0    2.3    0.2    0.9   16.1  12:05   284
 26   19.0   23.3  12:45   14.6  00:00    0.0    0.6    0.0    5.3   40.2  09:15   199
 27   17.2   25.1  14:35   10.2  06:30    1.2    0.0    0.0    1.1   17.7  10:10   144
 28   18.5   24.7  13:50   12.8  06:05    0.0    0.2    0.0    1.2   16.1  09:20   126
 29   18.5   22.8  13:00   14.3  02:55    0.0    0.1    0.0    2.5   24.1  09:20   139
 30   16.7   17.9  12:35   16.1  20:50    1.6    0.0   25.2    1.3   20.9  23:15   158
--------------------------------------------------------------------------------------
      20.5   29.7     25   10.2     27    6.6   71.4  168.0    1.6   40.2     26   157