NOAA Style Climate Reports


Report for August 2015
                   MONTHLY CLIMATOLOGICAL SUMMARY for Aug 2015


NAME: Narangba, Queensland, Australia                  
ELEV: 46 metres    LAT: 27-11.15 S    LONG: 152-57.42 E


                   TEMPERATURE (°C), RAIN (mm), WIND SPEED (km/h)

                                         HEAT   COOL         AVG
      MEAN                               DEG    DEG          WIND                  DOM
DAY   TEMP   HIGH   TIME    LOW   TIME   DAYS   DAYS   RAIN  SPEED   HIGH   TIME   DIR
--------------------------------------------------------------------------------------
 01   14.6   23.2  13:05    6.2  06:25    3.8    0.0    0.2    1.2   22.5  11:10   355
 02   16.2   25.1  14:10    7.5  07:00    2.1    0.0    0.2    2.0   25.7  12:30   339
 03   18.5   27.5  15:10    9.8  06:55    0.0    0.1    0.2    1.4   16.1  11:45   306
 04   16.4   21.3  14:35   12.3  00:00    1.9    0.0    0.0    2.3   25.7  23:45   167
 05   13.4   19.4  14:40    8.7  06:20    4.9    0.0    0.0    6.2   33.8  20:00   194
 06   14.1   20.1  15:15    8.2  06:55    4.2    0.0    0.0    3.4   32.2  00:05   195
 07   12.9   20.4  13:05    6.8  05:25    5.4    0.0    0.0    1.2   14.5  09:40   147
 08   12.5   21.2  11:55    4.6  06:35    5.9    0.0    0.0    0.9   12.9  14:40    63
 09   13.8   21.3  12:55    7.0  06:55    4.5    0.0    0.0    1.4   17.7  10:35    97
 10   15.2   25.0  15:10    7.2  06:25    3.1    0.0    0.2    1.5   20.9  13:45   347
 11   15.1   25.7  12:25    6.2  06:10    3.2    0.0    0.2    0.8   16.1  14:10    40
 12   17.9   27.1  13:10   10.6  04:10    0.5    0.0    2.0    3.1   32.2  23:40   323
 13   16.5   21.7  15:30    9.2  00:00    1.8    0.0    0.0    6.4   37.0  01:30   190
 14   13.2   21.8  12:50    5.2  06:45    5.1    0.0    0.0    0.9   12.9  14:20    58
 15   13.5   21.9  13:30    5.4  06:35    4.8    0.0    0.0    0.9   14.5  11:20    97
 16   15.2   21.8  12:00    9.7  04:40    3.2    0.0    0.2    1.5   22.5  10:15   147
 17   15.6   23.3  12:25    8.8  06:20    2.7    0.0    0.0    1.1   14.5  11:15    13
 18   14.9   23.8  12:45    7.8  06:20    3.4    0.0    0.2    1.2   20.9  12:45    61
 19   14.9   21.8  14:50    8.1  06:35    3.4    0.0    0.2    1.2   17.7  14:10    72
 20   16.4   21.2  13:45   10.4  04:15    1.9    0.0    0.2    1.6   17.7  09:05   120
 21   17.5   20.4  13:35   16.0  02:55    0.8    0.0    5.0    1.1   19.3  15:10   138
 22   19.0   23.4  12:35   16.5  02:55    0.0    0.7    2.0    0.9   12.9  13:40    29
 23   19.2   24.3  14:45   15.3  05:40    0.0    0.9    0.0    1.7   16.1  13:30   356
 24   19.7   25.3  13:10   14.4  06:45    0.0    1.4    0.2    2.3   22.5  10:15   335
 25   21.8   29.2  15:10   16.7  06:10    0.0    3.5    0.8    2.0   22.5  12:25   305
 26   20.8   28.3  14:55   15.5  05:55    0.0    2.5    0.0    1.5   20.9  13:50   303
 27   17.8   24.5  12:25   14.6  02:15    0.5    0.0    0.2    0.3   11.3  14:20    63
 28   17.8   24.9  14:55   12.9  00:00    0.6    0.0    2.8    1.0   14.5  12:20   170
 29   16.2   22.2  11:25   11.1  06:25    2.2    0.0   13.0    0.9   19.3  17:05   123
 30   17.1   22.8  14:00   11.3  21:55    1.2    0.0    0.4    3.0   25.7  10:35   189
 31   16.6   23.6  12:40    9.8  05:50    1.7    0.0    0.0    2.2   17.7  00:55   194
--------------------------------------------------------------------------------------
      16.3   29.2     25    4.6     08   72.9    9.1   28.2    1.9   37.0     13   187