NOAA Style Climate Reports


Report for February 2016
                   MONTHLY CLIMATOLOGICAL SUMMARY for Feb 2016


NAME: Narangba, Queensland, Australia                  
ELEV: 46 metres    LAT: 27-11.15 S    LONG: 152-57.42 E


                   TEMPERATURE (°C), RAIN (mm), WIND SPEED (km/h)

                                         HEAT   COOL         AVG
      MEAN                               DEG    DEG          WIND                  DOM
DAY   TEMP   HIGH   TIME    LOW   TIME   DAYS   DAYS   RAIN  SPEED   HIGH   TIME   DIR
--------------------------------------------------------------------------------------
 01   27.5   36.8  13:55   22.9  04:30    0.0    9.2    3.4    2.4   43.5  15:15   322
 02   29.2   36.6  14:10   23.0  03:50    0.0   10.9    0.2    2.7   25.7  10:40   311
 03   26.8   33.3  13:40   23.1  02:15    0.0    8.4    5.2    1.5   16.1  00:35     8
 04   24.7   26.9  10:00   22.3  23:05    0.0    6.3    3.6    1.4   20.9  16:00   129
 05   24.4   26.9  13:10   22.4  00:05    0.0    6.0    1.0    3.0   24.1  13:45   135
 06   24.5   29.3  11:45   22.2  02:45    0.0    6.1    4.4    3.6   22.5  09:40   122
 07   24.2   27.6  12:20   21.8  05:20    0.0    5.9    0.0    2.9   22.5  15:40   136
 08   24.8   29.7  12:10   20.6  03:25    0.0    6.5    0.0    3.6   24.1  19:55   126
 09   24.9   29.3  12:40   20.6  02:50    0.0    6.6    0.0    4.7   29.0  16:25   122
 10   25.2   29.9  11:30   21.9  02:20    0.0    6.8    0.0    3.8   27.4  14:15   128
 11   25.3   30.1  13:05   21.2  05:10    0.0    7.0    0.0    3.0   22.5  11:30   108
 12   25.1   29.7  13:50   21.3  04:35    0.0    6.7    0.0    4.6   30.6  13:00   123
 13   23.6   26.6  15:35   21.4  03:40    0.0    5.3    2.0    4.0   24.1  07:25   144
 14   25.1   30.6  13:50   19.5  05:35    0.0    6.8    0.0    2.9   24.1  09:05   117
 15   25.7   31.4  12:55   19.7  05:50    0.0    7.4    0.2    1.9   22.5  17:45   104
 16   26.4   33.3  15:20   21.2  05:05    0.0    8.1    2.8    2.3   17.7  20:10    41
 17   26.7   31.4  13:20   24.2  03:05    0.0    8.3    0.0    1.8   20.9  15:10    43
 18   27.0   31.9  14:00   22.6  05:45    0.0    8.7    0.0    3.1   24.1  14:20    17
 19   26.6   30.8  13:55   21.4  23:35    0.0    8.3   20.8    3.1   24.1  17:25    31
 20   25.6   30.4  12:15   21.5  00:05    0.0    7.3    2.2    1.5   17.7  14:20    45
 21   26.0   29.9  11:50   22.6  05:05    0.0    7.6    0.0    3.2   25.7  16:25   115
 22   25.4   29.7  12:55   21.7  05:45    0.0    7.0    0.8    3.7   27.4  16:35   118
 23   25.1   29.9  12:55   21.0  05:25    0.0    6.7    0.0    3.4   22.5  13:05   119
 24   24.5   29.6  11:20   20.4  03:20    0.0    6.2    0.0    2.1   22.5  13:45    67
 25   24.7   29.9  13:45   20.0  04:30    0.0    6.4    0.0    1.8   16.1  12:50    63
 26   25.1   31.2  14:40   18.9  05:55    0.0    6.8    0.0    1.6   17.7  13:30    49
 27   26.4   32.2  13:45   20.1  05:50    0.0    8.1    0.0    3.2   25.7  09:55   118
 28   26.3   31.4  13:30   22.2  03:30    0.0    7.9    0.2    3.2   24.1  07:35   125
 29   26.2   30.9  13:10   23.3  05:25    0.0    7.9    0.0    4.3   30.6  17:20   124
--------------------------------------------------------------------------------------
      25.6   36.8     01   18.9     26    0.0  211.1   46.8    2.9   43.5     01   107