NOAA Style Climate Reports


Report for April 2016
                   MONTHLY CLIMATOLOGICAL SUMMARY for Apr 2016


NAME: Narangba, Queensland, Australia                  
ELEV: 46 metres    LAT: 27-11.15 S    LONG: 152-57.42 E


                   TEMPERATURE (°C), RAIN (mm), WIND SPEED (km/h)

                                         HEAT   COOL         AVG
      MEAN                               DEG    DEG          WIND                  DOM
DAY   TEMP   HIGH   TIME    LOW   TIME   DAYS   DAYS   RAIN  SPEED   HIGH   TIME   DIR
--------------------------------------------------------------------------------------
 01   23.8   28.8  13:00   19.6  00:00    0.0    5.4    0.0    1.7   16.1  12:45    82
 02   23.4   29.7  12:50   18.6  05:50    0.0    5.1    0.2    1.5   16.1  14:50    35
 03   23.6   29.0  10:40   18.3  04:20    0.0    5.3    0.0    1.7   20.9  13:05    61
 04   24.1   29.0  12:10   19.8  05:55    0.0    5.7    2.8    2.7   25.7  12:40   118
 05   23.6   28.4  11:05   20.0  21:20    0.0    5.2    0.0    3.5   25.7  13:00   127
 06   22.9   28.4  12:25   18.4  00:00    0.0    4.6    0.0    1.9   17.7  14:20    80
 07   22.5   29.3  12:10   16.7  05:40    0.0    4.2    0.2    1.8   19.3  09:35    19
 08   23.4   29.1  11:50   19.1  00:00    0.0    5.0    0.0    0.0    3.2  01:20    79
 09   23.2   29.4  12:20   18.9  00:20    0.0    4.9    0.0    1.3   14.5  09:50    34
 10   23.3   30.5  13:25   17.5  06:25    0.0    5.0    0.2    2.2   22.5  10:40     6
 11   24.0   30.5  14:20   19.3  05:30    0.0    5.7    0.0    1.2   17.7  10:00   299
 12   22.1   27.3  13:40   17.9  05:15    0.0    3.8    2.2    1.1   19.3  11:30   110
 13   22.6   27.6  13:00   19.1  05:50    0.0    4.3    0.0    3.2   22.5  13:25   125
 14   22.1   26.6  12:50   19.3  23:55    0.0    3.7    1.4    4.3   29.0  12:45   137
 15   20.4   26.2  10:50   17.8  23:55    0.0    2.1    0.0    3.2   22.5  12:50   152
 16   21.0   26.8  13:40   15.4  05:20    0.0    2.7    0.2    1.6   19.3  09:50   115
 17   21.6   27.4  12:50   16.9  06:30    0.0    3.2    0.0    1.5   16.1  11:35    82
 18   21.3   27.0  13:00   17.4  06:05    0.0    3.0    0.0    1.7   17.7  15:00    93
 19   21.3   27.3  11:40   17.2  06:30    0.0    3.0    0.2    1.3   12.9  08:35    72
 20   22.0   27.8  12:00   16.9  05:55    0.0    3.7    0.2    1.4   19.3  15:35   110
 21   22.2   27.8  13:05   18.1  06:30    0.0    3.8    0.2    1.4   19.3  11:15    84
 22   22.5   28.8  12:20   17.8  06:35    0.0    4.2    0.2    1.1   12.9  12:55    79
 23   22.0   28.1  11:55   18.2  06:15    0.0    3.7    0.2    1.6   19.3  14:30   117
 24   22.0   28.2  13:20   18.5  00:15    0.0    3.7    0.0    5.8   32.2  10:20   145
 25   21.3   26.3  13:15   18.7  06:20    0.0    3.0    0.8    5.8   32.2  12:25   140
 26   21.1   26.2  12:40   18.2  05:40    0.0    2.8    0.8    4.4   25.7  13:35   135
 27   21.2   25.8  11:05   18.6  23:05    0.0    2.9    0.2    3.2   25.7  11:50   130
 28   20.7   26.3  11:50   17.9  23:50    0.0    2.4    0.8    1.7   20.9  11:35    78
 29   20.9   25.4  13:30   17.4  01:25    0.0    2.6    4.8    0.9   14.5  08:05   141
 30   23.0   27.1  13:25   20.1  05:25    0.0    4.6    0.4    1.1   12.9  12:05    49
--------------------------------------------------------------------------------------
      22.3   30.5     10   15.4     16    0.0  119.2   16.0    2.2   32.2     24   116