NOAA Style Climate Reports


Report for May 2016
                   MONTHLY CLIMATOLOGICAL SUMMARY for May 2016


NAME: Narangba, Queensland, Australia                  
ELEV: 46 metres    LAT: 27-11.15 S    LONG: 152-57.42 E


                   TEMPERATURE (°C), RAIN (mm), WIND SPEED (km/h)

                                         HEAT   COOL         AVG
      MEAN                               DEG    DEG          WIND                  DOM
DAY   TEMP   HIGH   TIME    LOW   TIME   DAYS   DAYS   RAIN  SPEED   HIGH   TIME   DIR
--------------------------------------------------------------------------------------
 01   21.5   23.8  15:55   19.5  23:25    0.0    3.2    8.4    0.8   20.9  13:00   156
 02   22.4   27.3  11:25   18.9  06:30    0.0    4.1    2.0    0.8   11.3  09:15    68
 03   23.1   30.0  15:25   19.5  00:00    0.0    4.7    0.2    1.0   16.1  13:15   251
 04   21.4   28.1  13:25   17.6  05:15    0.0    3.1    0.0    1.4   17.7  09:45   143
 05   20.5   26.7  12:05   16.2  04:45    0.0    2.2    0.0    1.4   16.1  13:40    84
 06   20.4   26.6  11:35   15.2  06:45    0.0    2.1    0.2    1.1   14.5  12:25    49
 07   20.8   26.6  12:50   16.9  05:55    0.0    2.5    0.2    1.5   16.1  08:00   115
 08   21.1   27.3  13:15   17.1  05:25    0.0    2.8    0.0    1.4   14.5  08:25    86
 09   22.0   28.2  13:20   16.6  06:30    0.0    3.7    0.2    2.2   22.5  14:00   353
 10   22.9   29.2  13:15   19.1  03:05    0.0    4.6    0.0    1.9   22.5  12:05   223
 11   19.4   24.4  14:05   11.4  00:00    0.0    1.0    0.0    1.9   24.1  10:30   170
 12   18.7   26.8  14:05    9.3  04:45    0.0    0.3    0.0    2.6   25.7  10:00   217
 13   18.1   25.8  12:50   10.0  05:30    0.3    0.0    0.0    1.1   14.5  10:20    71
 14   19.0   25.7  11:55   13.1  06:50    0.0    0.6    0.2    0.9   16.1  13:30    79
 15   18.6   26.1  13:50   12.1  06:45    0.0    0.3    0.2    1.3   14.5  12:15    34
 16   17.7   26.2  13:05   10.3  06:15    0.6    0.0    0.2    0.7   11.3  13:45    33
 17   19.1   27.8  13:35   12.3  06:35    0.0    0.8    0.2    1.4   19.3  11:25     3
 18   19.2   27.6  13:15   11.9  06:35    0.0    0.8    0.2    1.1   14.5  11:00    19
 19   19.6   27.4  12:05   13.2  05:35    0.0    1.3    0.2    0.6   11.3  11:50    37
 20   18.9   28.4  14:35   10.8  06:40    0.0    0.5    0.2    1.1   17.7  13:05   137
 21   21.1   25.9  12:00   16.1  01:45    0.0    2.8    0.0    2.0   19.3  10:20   122
 22   20.2   25.5  12:05   15.6  23:25    0.0    1.9    0.0    1.4   16.1  10:10    94
 23   19.6   27.4  13:15   12.7  06:40    0.0    1.2    0.2    1.2   14.5  13:45     5
 24   18.5   26.2  12:10   11.8  23:40    0.0    0.2    0.0    1.2   16.1  11:50    60
 25   15.4   24.6  11:15    5.7  06:40    3.0    0.0    0.0    0.8   12.9  00:05    37
 26   18.5   29.3  14:50    7.3  06:35    0.0    0.1    0.0    2.4   19.3  17:20   343
 27   22.1   25.6  14:15   15.8  00:00    0.0    3.8    0.0    4.4   29.0  14:40   253
 28   18.2   23.5  13:35   11.4  07:20    0.1    0.0    0.0    4.0   33.8  14:35   219
 29   15.9   23.7  14:55   10.1  22:55    2.4    0.0    0.0    1.6   22.5  01:40   201
 30   14.0   22.3  11:45    5.3  06:55    4.4    0.0    0.0    1.0   19.3  11:50    44
 31   17.0   23.6  13:00   10.9  03:40    1.4    0.0    0.0    1.3   16.1  13:45   124
--------------------------------------------------------------------------------------
      19.5   30.0     03    5.3     30   12.1   48.5   12.8    1.5   33.8     28   111