NOAA Style Climate Reports


Report for September 2016
                   MONTHLY CLIMATOLOGICAL SUMMARY for Sep 2016


NAME: Narangba, Queensland, Australia                  
ELEV: 46 metres    LAT: 27-11.15 S    LONG: 152-57.42 E


                   TEMPERATURE (°C), RAIN (mm), WIND SPEED (km/h)

                                         HEAT   COOL         AVG
      MEAN                               DEG    DEG          WIND                  DOM
DAY   TEMP   HIGH   TIME    LOW   TIME   DAYS   DAYS   RAIN  SPEED   HIGH   TIME   DIR
--------------------------------------------------------------------------------------
 01   18.7   25.1  12:00   12.1  04:30    0.0    0.4    0.2    2.0   20.9  15:00    15
 02   21.2   26.9  13:45   17.7  05:50    0.0    2.9    0.0    4.8   29.0  10:15   351
 03   19.2   23.7  13:00   16.3  06:35    0.0    0.9    7.8    4.9   41.8  10:00   271
 04   16.9   24.1  12:55   10.1  05:45    1.4    0.0    0.0    1.8   19.3  13:55   103
 05   17.9   22.8  12:15   13.3  05:25    0.4    0.0    0.0    2.8   19.3  12:25   123
 06   18.1   21.8  12:05   14.4  06:05    0.2    0.0    0.0    2.6   19.3  10:50   122
 07   18.5   23.1  12:40   15.7  06:15    0.0    0.2    0.8    2.0   24.1  12:40    96
 08   18.5   23.1  12:45   14.9  06:10    0.0    0.1    1.0    2.2   24.1  10:05    64
 09   19.4   21.9  08:45   16.1  05:45    0.0    1.1   23.8    3.6   29.0  22:55    39
 10   19.5   23.7  13:05   16.7  05:40    0.0    1.2    8.0    2.0   19.3  12:15     3
 11   17.8   24.1  12:55   11.3  05:55    0.5    0.0    0.0    0.8   12.9  13:20    78
 12   18.3   24.3  11:50   12.4  06:00    0.1    0.0    0.0    1.5   16.1  13:15    58
 13   19.7   25.5  13:45   14.7  04:15    0.0    1.3    0.2    1.5   20.9  15:30    30
 14   20.8   26.6  12:30   15.6  06:15    0.0    2.4    0.2    4.0   24.1  11:55   353
 15   20.2   25.8  13:25   17.9  00:00    0.0    1.9    4.8    1.9   22.5  11:05   322
 16   20.2   26.2  14:00   15.1  22:40    0.0    1.9    0.4    3.1   30.6  14:05   219
 17   18.6   23.8  13:05   11.9  02:35    0.0    0.3    0.0    1.8   19.3  13:40    60
 18   20.1   21.8  13:15   18.2  05:00    0.0    1.8    4.6    1.8   17.7  18:20   345
 19   19.4   22.3  15:10   15.4  23:25    0.0    1.1    0.2    2.3   27.4  00:10   231
 20   18.4   24.1  12:00   10.5  06:00    0.0    0.0    0.0    1.4   16.1  13:55    37
 21   18.4   21.3  16:00   16.7  02:35    0.0    0.1    7.4    0.1   12.9  16:30   162
 22   19.3   24.8  13:40   13.2  06:00    0.0    1.0    0.2    3.6   29.0  14:05   195
 23   18.9   25.0  14:00   11.4  04:05    0.0    0.6    0.0    3.3   27.4  08:30   200
 24   17.9   26.6  13:25    9.9  05:45    0.4    0.0    0.0    1.1   17.7  14:35    36
 25   20.5   29.0  13:45   12.1  04:35    0.0    2.2    0.0    2.8   27.4  12:20   215
 26   20.6   27.7  14:20   13.9  03:45    0.0    2.3    0.0    2.8   22.5  23:50   173
 27   19.7   26.1  15:40   12.6  00:00    0.0    1.4    0.0    3.1   25.7  08:20   197
 28   19.0   27.6  11:55   10.8  02:30    0.0    0.7    0.0    1.8   19.3  13:30    62
 29   18.7   23.8  12:05   14.4  02:35    0.0    0.4    0.0    3.9   27.4  20:20   332
 30   20.1   26.4  15:05   11.9  00:00    0.0    1.8    5.6    4.2   38.6  14:15   272
--------------------------------------------------------------------------------------
      19.2   29.0     25    9.9     24    3.2   27.7   65.2    2.5   41.8     03   359