NOAA Style Climate Reports


Report for November 2016
                   MONTHLY CLIMATOLOGICAL SUMMARY for Nov 2016


NAME: Narangba, Queensland, Australia                  
ELEV: 46 metres    LAT: 27-11.15 S    LONG: 152-57.42 E


                   TEMPERATURE (°C), RAIN (mm), WIND SPEED (km/h)

                                         HEAT   COOL         AVG
      MEAN                               DEG    DEG          WIND                  DOM
DAY   TEMP   HIGH   TIME    LOW   TIME   DAYS   DAYS   RAIN  SPEED   HIGH   TIME   DIR
--------------------------------------------------------------------------------------
 01   22.0   26.3  13:00   18.5  00:00    0.0    3.7    5.6    0.5   11.3  03:35    69
 02   21.9   28.4  11:25   14.0  05:25    0.0    3.5    0.0    3.0   29.0  11:25    74
 03   21.5   26.3  11:35   16.8  00:50    0.0    3.2    0.0    2.1   17.7  14:40    41
 04   22.8   28.6  11:40   17.4  05:05    0.0    4.5    0.0    3.4   24.1  15:30    14
 05   23.9   34.1  12:45   15.2  05:25    0.0    5.6    0.0    2.5   30.6  11:50    17
 06   24.0   34.6  13:40   16.3  05:20    0.0    5.6    0.2    2.0   22.5  13:05    57
 07   23.8   27.7  13:15   19.4  05:05    0.0    5.4    0.0    3.0   20.9  15:35    39
 08   25.5   35.7  12:35   20.4  05:15    0.0    7.1    1.4    3.0   30.6  17:40     1
 09   25.0   30.6  11:35   20.0  04:30    0.0    6.7    0.2    3.9   27.4  14:40     4
 10   25.9   32.6  11:05   20.4  05:20    0.0    7.6    0.2    2.3   22.5  12:05    41
 11   25.1   30.4  11:45   22.1  01:40    0.0    6.7    0.0    2.2   17.7  13:40    47
 12   25.1   34.3  12:20   21.1  04:55    0.0    6.7   18.4    2.7   40.2  15:45     5
 13   25.5   35.6  12:50   20.8  23:55    0.0    7.2   12.0    1.2   25.7  17:10     6
 14   24.9   30.1  14:45   18.2  23:30    0.0    6.6    0.0    5.5   33.8  08:15   191
 15   20.6   26.1  11:15   14.3  04:25    0.0    2.3    0.0    2.4   20.9  14:45   112
 16   21.3   26.6  13:15   16.2  05:00    0.0    3.0    0.0    1.9   19.3  13:50    43
 17   21.2   26.2  10:50   16.3  04:20    0.0    2.9    1.4    3.2   29.0  12:15   102
 18   21.6   25.9  13:00   17.1  00:00    0.0    3.3    0.0    2.3   22.5  14:25    61
 19   21.5   26.8  12:25   16.9  00:20    0.0    3.1    0.0    1.9   17.7  13:45    69
 20   22.1   27.3  13:40   17.3  03:20    0.0    3.8    0.0    2.3   17.7  10:30    62
 21   22.0   27.7  12:45   17.1  03:10    0.0    3.6    0.2    2.7   20.9  12:00    57
 22   22.1   27.5  13:35   16.6  02:50    0.0    3.7    0.0    3.2   22.5  11:55   115
 23   24.0   29.2  11:50   19.9  03:45    0.0    5.7    0.0    3.2   19.3  12:20    91
 24   24.8   35.7  10:50   18.1  04:50    0.0    6.4    0.2    4.0   25.7  11:45   108
 25   23.2   28.2  11:50   17.3  04:40    0.0    4.9    0.0    2.6   19.3  00:10    47
 26   22.9   26.0  11:00   20.9  23:55    0.0    4.6    4.8    2.3   20.9  10:20    32
 27   23.2   28.4  13:05   19.4  00:00    0.0    4.9    0.0    2.0   20.9  14:15    38
 28   23.0   28.5  11:10   17.5  04:25    0.0    4.7    0.0    2.8   24.1  16:15    30
 29   24.0   29.4  13:30   18.2  05:20    0.0    5.6    0.0    3.7   22.5  15:50    12
 30   23.5   30.6  11:00   18.3  05:25    0.0    5.1    1.8    2.6   20.9  13:15    25
--------------------------------------------------------------------------------------
      23.3   35.7     24   14.0     02    0.0  147.7   46.4    2.7   40.2     12    52