NOAA Style Climate Reports


Report for January 2017
                   MONTHLY CLIMATOLOGICAL SUMMARY for Jan 2017


NAME: Narangba, Queensland, Australia                  
ELEV: 46 metres    LAT: 27-11.15 S    LONG: 152-57.42 E


                   TEMPERATURE (°C), RAIN (mm), WIND SPEED (km/h)

                                         HEAT   COOL         AVG
      MEAN                               DEG    DEG          WIND                  DOM
DAY   TEMP   HIGH   TIME    LOW   TIME   DAYS   DAYS   RAIN  SPEED   HIGH   TIME   DIR
--------------------------------------------------------------------------------------
 01   28.1   35.4  11:40   22.6  05:10    0.0    9.8    0.0    5.5   29.0  14:50     5
 02   27.4   31.8  11:40   22.2  22:55    0.0    9.1   30.8    5.0   32.2  22:15    10
 03   22.8   24.9  07:55   21.6  16:50    0.0    4.4   17.2    3.9   27.4  08:35   131
 04   24.7   27.3  11:55   22.4  00:05    0.0    6.4    0.0    6.0   32.2  16:20   119
 05   24.7   27.6  15:45   22.4  05:20    0.0    6.3    0.0    2.7   20.9  10:05   119
 06   25.1   28.3  14:05   21.7  05:40    0.0    6.7    1.2    3.1   24.1  13:20   108
 07   24.4   28.4  13:25   21.3  23:50    0.0    6.1   12.0    4.7   38.6  10:15   113
 08   23.4   28.4  13:00   19.3  23:45    0.0    5.1    0.2    2.9   24.1  14:20    80
 09   24.2   29.3  12:10   18.6  03:05    0.0    5.8    0.0    2.5   20.9  14:00    60
 10   25.6   30.7  13:10   20.6  05:20    0.0    7.3    0.0    3.0   20.9  11:30    16
 11   26.6   32.1  12:55   20.9  05:05    0.0    8.3    0.0    3.0   19.3  15:05     8
 12   28.2   35.3  15:15   21.8  05:10    0.0    9.8    0.0    2.0   19.3  11:00    35
 13   28.2   32.7  14:55   24.8  05:05    0.0    9.9    0.6    3.4   20.9  12:25    24
 14   29.2   36.6  12:45   23.1  05:15    0.0   10.9    0.0    4.1   29.0  14:20     2
 15   27.5   30.9  13:05   25.1  04:50    0.0    9.2    6.8    2.2   22.5  16:20    32
 16   26.5   30.8  12:55   22.8  05:15    0.0    8.2    0.0    2.4   19.3  14:30    79
 17   26.6   31.4  14:30   22.4  00:00    0.0    8.3    0.2    2.3   19.3  14:00    34
 18   27.9   36.7  13:25   20.0  05:20    0.0    9.6    0.0    2.7   19.3  11:45   355
 19   26.5   28.5  08:40   23.4  03:25    0.0    8.1    0.0    2.9   25.7  14:40   100
 20   28.4   33.3  14:25   23.6  05:30    0.0   10.0    0.0    2.4   19.3  12:35    18
 21   27.0   35.7  12:00   22.5  22:45    0.0    8.7   12.8    2.5   30.6  13:20   126
 22   24.7   27.2  10:45   22.3  05:10    0.0    6.4    0.0    3.1   24.1  09:10   116
 23   24.9   29.3  13:00   20.0  00:00    0.0    6.6    0.0    2.2   20.9  09:45    53
 24   25.1   31.3  12:55   17.9  05:30    0.0    6.8    0.0    2.8   20.9  16:35     6
 25   25.6   31.3  12:10   19.8  05:10    0.0    7.2    0.0    2.1   20.9  14:35    33
 26   26.4   31.5  11:35   21.1  05:30    0.0    8.0    1.2    2.8   19.3  18:25    19
 27   25.3   27.9  10:25   23.4  00:30    0.0    7.0    0.4    0.7   12.9  13:55    51
 28   25.9   30.4  12:45   22.5  00:00    0.0    7.5    4.6    1.8   20.9  13:25    62
 29   26.0   31.1  12:30   20.6  05:20    0.0    7.7    0.0    2.2   19.3  15:10    55
 30   26.2   31.2  13:40   21.7  23:55    0.0    7.9    0.0    2.3   19.3  13:50    44
 31   26.3   32.4  13:00   20.3  04:50    0.0    8.0    0.0    3.2   24.1  14:25    22
--------------------------------------------------------------------------------------
      26.1   36.7     18   17.9     24    0.0  240.9   88.0    3.0   38.6     07    56