NOAA Style Climate Reports


Report for March 2017
                   MONTHLY CLIMATOLOGICAL SUMMARY for Mar 2017


NAME: Narangba, Queensland, Australia                  
ELEV: 46 metres    LAT: 27-11.15 S    LONG: 152-57.42 E


                   TEMPERATURE (°C), RAIN (mm), WIND SPEED (km/h)

                                         HEAT   COOL         AVG
      MEAN                               DEG    DEG          WIND                  DOM
DAY   TEMP   HIGH   TIME    LOW   TIME   DAYS   DAYS   RAIN  SPEED   HIGH   TIME   DIR
--------------------------------------------------------------------------------------
 01   25.3   30.1  13:00   21.3  05:50    0.0    6.9    0.4    3.5   24.1  16:00   112
 02   25.4   30.0  11:45   21.8  05:15    0.0    7.1    1.6    2.4   19.3  12:20    61
 03   25.5   31.8  12:30   20.8  04:25    0.0    7.2    0.0    2.0   20.9  13:25    72
 04   25.8   29.2  12:35   22.3  00:00    0.0    7.4   12.6    1.8   17.7  11:25    70
 05   25.8   30.9  14:30   21.9  03:15    0.0    7.5    1.8    1.4   14.5  17:05    15
 06   25.6   29.6  11:45   21.6  04:25    0.0    7.3    0.0    2.1   24.1  16:45    55
 07   25.0   30.7  11:30   20.8  23:45    0.0    6.7    0.0    2.4   20.9  14:50    83
 08   23.5   28.7  14:30   19.9  03:30    0.0    5.2    0.0    3.0   20.9  20:10   157
 09   23.6   28.7  12:00   18.8  04:15    0.0    5.2    0.0    2.4   20.9  10:30   131
 10   24.0   31.2  14:00   17.8  06:30    0.0    5.7    0.0    2.6   20.9  15:10   150
 11   24.1   28.7  12:35   18.3  05:55    0.0    5.8    6.2    2.6   20.9  14:50    45
 12   25.1   29.9  11:40   20.9  05:55    0.0    6.8    0.2    1.8   20.9  17:15    38
 13   25.0   28.9  12:45   20.9  06:05    0.0    6.7    0.0    1.7   17.7  14:15    56
 14   24.6   28.0  11:00   21.9  11:45    0.0    6.3    1.8    3.0   27.4  11:30   130
 15   24.4   27.9  12:20   21.7  06:15    0.0    6.1    8.6    1.2   16.1  00:20   124
 16   25.1   31.4  12:45   21.4  00:00    0.0    6.8    0.0    1.4   19.3  21:50    65
 17   25.1   35.0  13:25   19.8  06:05    0.0    6.8    0.6    1.6   24.1  13:30   163
 18   26.1   33.1  14:05   20.1  04:30    0.0    7.8    0.8    2.9   25.7  11:55   315
 19   25.1   30.5  14:10   21.8  03:05    0.0    6.7    4.0    1.1   14.5  14:50    86
 20   24.5   26.9  11:30   23.1  05:25    0.0    6.2   15.2    0.8   17.7  23:20    37
 21   25.2   29.0  14:15   22.7  01:10    0.0    6.8   18.4    1.4   17.7  12:25    39
 22   23.8   26.3  10:35   22.6  06:00    0.0    5.5    7.2    0.3   12.9  11:05   308
 23   25.1   28.4  13:45   22.9  04:00    0.0    6.8    0.2    0.5   12.9  10:10   352
 24   24.5   28.9  12:15   22.2  23:35    0.0    6.1   21.6    1.5   19.3  21:25   106
 25   24.2   28.1  12:35   21.8  04:45    0.0    5.9    0.0    2.5   19.3  07:55   123
 26   25.3   29.6  14:35   22.5  04:05    0.0    6.9    0.0    1.2   14.5  14:05    53
 27   25.0   28.9  11:15   21.8  23:30    0.0    6.7    0.0    1.9   20.9  13:50    77
 28   24.7   29.8  12:40   20.4  05:25    0.0    6.4    0.0    1.2   16.1  13:00    54
 29   25.1   29.6  10:45   22.5  00:20    0.0    6.8   11.2    1.0   16.1  10:20    42
 30   24.7   25.6  13:05   23.4  23:00    0.0    6.3  140.8    6.0   41.8  19:00     7
 31   24.6   28.8  13:25   20.8  06:45    0.0    6.2    0.0    7.3   33.8  10:00   179
--------------------------------------------------------------------------------------
      24.9   35.0     17   17.8     10    0.0  202.6  253.2    2.2   41.8     30    90