NOAA Style Climate Reports


Report for August 2017
                   MONTHLY CLIMATOLOGICAL SUMMARY for Aug 2017


NAME: Narangba, Queensland, Australia                  
ELEV: 46 metres    LAT: 27-11.15 S    LONG: 152-57.42 E


                   TEMPERATURE (°C), RAIN (mm), WIND SPEED (km/h)

                                         HEAT   COOL         AVG
      MEAN                               DEG    DEG          WIND                  DOM
DAY   TEMP   HIGH   TIME    LOW   TIME   DAYS   DAYS   RAIN  SPEED   HIGH   TIME   DIR
--------------------------------------------------------------------------------------
 01   16.1   24.3  13:15   11.0  05:50    2.3    0.0    0.0    1.4   19.3  16:35   155
 02   15.0   21.3  13:00    9.9  06:25    3.4    0.0    0.0    1.4   17.7  09:20   106
 03   16.0   22.2  11:10   11.4  07:10    2.3    0.0    0.0    1.4   12.9  12:20    93
 04   17.1   24.1  15:30   11.8  00:00    1.2    0.0    0.0    2.0   22.5  13:25   258
 05   15.9   23.8  15:55    9.6  23:30    2.4    0.0    0.0    2.3   20.9  09:25   254
 06   15.4   23.4  13:05    8.2  02:30    2.9    0.0    0.8    0.7   14.5  15:45    22
 07   18.8   26.2  14:55   11.2  00:00    0.0    0.5    1.4    2.0   24.1  13:25   280
 08   16.7   22.9  15:25   10.7  00:50    1.6    0.0    0.0    2.8   27.4  10:45   197
 09   14.0   23.3  13:10    5.3  06:45    4.3    0.0    0.0    0.8   11.3  12:25    67
 10   14.4   23.8  13:45    5.2  06:30    3.9    0.0    0.0    1.5   17.7  12:25   360
 11   17.0   28.3  13:30    8.2  06:40    1.3    0.0    0.2    1.1   16.1  11:45   352
 12   18.3   29.7  15:35    9.1  06:45    0.1    0.0    0.2    0.8   16.1  12:35   241
 13   17.6   24.3  13:05   11.8  05:25    0.7    0.0    0.0    1.3   14.5  14:05    76
 14   17.6   25.1  12:35   11.7  06:25    0.7    0.0    0.2    1.1   12.9  10:45    32
 15   17.0   26.6  12:05    8.2  06:40    1.4    0.0    0.2    0.8   12.9  09:40    45
 16   19.7   31.4  14:40    8.9  06:40    0.0    1.3    0.2    2.7   27.4  15:15   330
 17   23.4   32.9  15:15   14.5  05:50    0.0    5.0    0.2    2.3   27.4  15:50   280
 18   20.2   26.5  13:40   12.9  05:55    0.0    1.9    0.0    4.6   43.5  13:45   207
 19   16.1   19.6  13:15   12.3  00:00    2.2    0.0    0.0    8.4   45.1  09:30   190
 20   13.3   21.1  14:20    6.3  06:50    5.0    0.0    0.0    2.3   24.1  11:05   161
 21   14.2   20.7  13:15    6.4  06:10    4.1    0.0    0.0    1.4   17.7  10:30    64
 22   18.1   25.8  13:35   12.1  06:35    0.3    0.0    0.6    1.8   19.3  16:35   356
 23   17.9   25.7  13:00   11.7  06:10    0.5    0.0    0.2    1.3   17.7  11:15    20
 24   16.8   24.7  13:20   12.1  00:00    1.6    0.0    4.0    0.7   30.6  16:25     0
 25   15.4   22.7  13:35    9.7  06:50    3.0    0.0    0.2    2.2   22.5  10:25   144
 26   16.1   22.3  13:30   10.9  01:35    2.2    0.0    0.0    2.6   25.7  12:10   141
 27   15.9   24.3  14:00    9.0  06:05    2.4    0.0    0.0    1.8   22.5  12:35   327
 28   15.5   23.7  15:05    7.4  06:10    2.9    0.0    0.0    2.3   25.7  13:15   194
 29   14.3   20.9  11:45    6.3  06:05    4.0    0.0    0.0    1.4   16.1  13:05    56
 30   16.9   25.8  15:20    8.7  06:10    1.4    0.0    0.0    2.0   25.7  13:15   244
 31   16.3   21.9  13:15   10.3  06:30    2.1    0.0    0.0    2.0   17.7  08:35    93
--------------------------------------------------------------------------------------
      16.7   32.9     17    5.2     10   60.0    8.7    8.4    2.0   45.1     19   201