NOAA Style Climate Reports


Report for 2018
                        CLIMATOLOGICAL SUMMARY FOR 2018


NAME: Narangba, Queensland, Australia                  
ELEV: 46 metres    LAT: 27-11.15 S    LONG: 152-57.42 E


                                   TEMPERATURE (°C)

                            HEAT   COOL                         MAX  MAX  MIN  MIN
         MEAN  MEAN         DEG    DEG                          >=   <=   <=   <=
 YR  MO  MAX   MIN   MEAN   DAYS   DAYS   HI   DAY  LOW   DAY   30   20   10    5
----------------------------------------------------------------------------------
2018 01  30.9  20.6  25.5    0.0  220.8  37.8   14  16.0   15   21    0    0    0
2018 02  29.5  20.5  24.5    0.0  174.0  36.4   14  17.9   09   12    0    0    0
2018 03  28.0  20.4  23.7    0.0  164.9  35.1   01  17.0   12    5    0    0    0
2018 04  27.1  17.8  21.7    0.0  101.7  33.5   15  14.4   30    2    0    0    0
2018 05  24.1  13.4  18.2   22.9   19.0  27.6   10   8.0   21    0    0    5    0
2018 06  21.8  10.6  15.7   79.3    0.3  25.7   13   5.7   17    0    6   12    0
2018 07  22.6   9.4  15.5   91.9    3.3  26.7   28   3.3   19    0    5   18    6
2018 08  23.7   7.9  15.5   89.5    0.4  29.7   16   4.0   09    0    0   25    5
2018 09  24.1  12.6  17.9   23.6   10.4  29.2   20   8.8   10    0    2    2    0
2018 10  25.4  15.9  20.2    4.1   61.6  34.8   26  10.9   04    2    1    0    0
2018 11  29.6  17.6  23.4    0.0  152.1  37.9   28  14.2   24   13    0    0    0
2018 12  29.3  20.0  24.3    0.0  185.4  39.4   02  16.7   26    8    0    0    0
----------------------------------------------------------------------------------
         26.3  15.5  20.5  311.4 1093.9  39.4  Dec   3.3  Jul   63   14   62   11


             PRECIPITATION (mm)

                 MAX         ---DAYS OF RAIN---
                 OBS.               OVER
 YR  MO  TOTAL   DAY    DATE   0.3    3.0   30.0
--------------------------------------------------
2018 01   35.0   19.6    02     7      3      0
2018 02  163.0   39.4    23    15     10      1
2018 03  136.4   45.0    06    23     10      1
2018 04   37.6   15.0    04    10      3      0
2018 05   46.2   17.2    07     7      5      0
2018 06   23.4    8.6    07     6      3      0
2018 07   18.8    8.4    05     6      1      0
2018 08   14.6   10.8    26     4      1      0
2018 09   40.2   13.8    26    10      3      0
2018 10  174.6   26.6    06    15     13      0
2018 11   11.0    4.2    17     6      2      0
2018 12   61.4   24.6    16    11      6      0
--------------------------------------------------
         762.2   45.0   Mar   120     60      2


      WIND SPEED (km/h)

                             DOM
 YR  MO   AVG   HI     DATE  DIR
---------------------------------
2018 01   2.4  33.8     02    72 
2018 02   2.7  61.2     11   111 
2018 03   2.5  40.2     09   132 
2018 04   2.0  35.4     12   132 
2018 05   2.0  33.8     05   159 
2018 06   1.8  35.4     13   172 
2018 07   1.5  37.0     07   172 
2018 08   2.0  41.8     19   179 
2018 09   2.4  35.4     30    93 
2018 10   2.0  37.0     15    94 
2018 11   3.0  46.7     28    42 
2018 12   3.0  41.8     21    60 
---------------------------------
          2.3  61.2    Feb   115