NOAA Style Climate Reports


Report for January 2018
                   MONTHLY CLIMATOLOGICAL SUMMARY for Jan 2018


NAME: Narangba, Queensland, Australia                  
ELEV: 46 metres    LAT: 27-11.15 S    LONG: 152-57.42 E


                   TEMPERATURE (°C), RAIN (mm), WIND SPEED (km/h)

                                         HEAT   COOL         AVG
      MEAN                               DEG    DEG          WIND                  DOM
DAY   TEMP   HIGH   TIME    LOW   TIME   DAYS   DAYS   RAIN  SPEED   HIGH   TIME   DIR
--------------------------------------------------------------------------------------
 01   26.5   32.1  12:30   23.8  04:45    0.0    8.2    4.2    1.2   19.3  14:55    16
 02   25.1   29.4  14:50   22.1  21:15    0.0    6.8   19.6    0.9   33.8  19:25   129
 03   25.1   30.0  11:00   20.8  05:15    0.0    6.8    0.2    1.9   19.3  12:55   109
 04   24.9   29.3  13:10   20.6  05:15    0.0    6.5    0.0    2.2   17.7  11:25    79
 05   25.5   28.5  11:50   22.9  05:25    0.0    7.2    0.0    1.6   14.5  11:00    62
 06   25.2   29.8  14:00   20.3  00:00    0.0    6.9    0.0    1.5   14.5  12:30    63
 07   24.7   30.2  11:45   19.1  05:05    0.0    6.4    0.0    1.7   19.3  14:35    17
 08   25.2   31.6  12:20   19.3  04:55    0.0    6.9    0.0    2.5   19.3  14:35     2
 09   25.3   31.1  12:10   20.1  05:05    0.0    7.0    0.0    2.7   22.5  08:40   360
 10   25.7   31.6  12:05   20.2  05:15    0.0    7.4    0.0    2.0   20.9  13:55    26
 11   25.7   30.6  13:40   21.2  04:55    0.0    7.3    0.0    1.3   14.5  10:40    38
 12   26.5   31.7  13:05   21.1  05:20    0.0    8.1    0.0    2.4   24.1  15:50     9
 13   28.3   37.6  13:35   22.0  05:15    0.0   10.0    2.6    2.9   27.4  14:20   349
 14   28.8   37.8  13:20   21.2  00:00    0.0   10.5    0.0    4.7   33.8  15:20   184
 15   22.7   28.8  11:45   16.0  05:10    0.0    4.3    0.0    2.8   25.7  17:15   108
 16   22.9   29.2  12:00   16.0  04:20    0.0    4.6    0.0    4.0   25.7  08:35   123
 17   23.0   27.6  13:15   16.7  05:25    0.0    4.7    0.0    2.7   19.3  15:00    80
 18   23.7   28.8  12:50   18.9  00:00    0.0    5.4    0.0    2.4   16.1  14:50    76
 19   23.3   30.0  13:35   16.9  05:25    0.0    5.0    0.0    1.7   16.1  14:40    54
 20   24.3   30.3  14:05   18.2  05:20    0.0    5.9    0.0    2.3   20.9  10:40   101
 21   24.7   29.2  12:20   21.2  02:35    0.0    6.4    0.0    1.9   17.7  08:15    73
 22   25.1   30.5  12:40   21.2  05:45    0.0    6.7    0.4    1.7   17.7  15:40    59
 23   25.4   30.7  13:25   20.6  02:10    0.0    7.1    0.0    2.1   19.3  14:05    45
 24   26.1   30.7  11:10   21.6  04:45    0.0    7.7    0.0    2.2   20.9  12:50    45
 25   26.5   30.9  12:00   23.0  05:45    0.0    8.1    0.0    2.4   25.7  15:25    39
 26   26.6   31.1  11:35   22.5  04:55    0.0    8.2    0.0    2.0   20.9  11:35    49
 27   26.9   31.0  14:30   23.1  02:00    0.0    8.6    0.0    2.2   20.9  11:35    75
 28   26.5   30.1  13:05   23.4  05:35    0.0    8.1    0.4    3.1   24.1  10:35   104
 29   25.7   29.9  13:35   21.8  05:40    0.0    7.3    0.8    3.7   24.1  11:45   117
 30   26.3   31.4  14:10   22.8  04:25    0.0    7.9    0.2    3.9   25.7  08:45   132
 31   26.9   34.9  12:05   21.5  05:50    0.0    8.6    6.6    2.5   19.3  12:15    74
--------------------------------------------------------------------------------------
      25.5   37.8     14   16.0     15    0.0  220.8   35.0    2.4   33.8     02    72