NOAA Style Climate Reports


Report for February 2018
                   MONTHLY CLIMATOLOGICAL SUMMARY for Feb 2018


NAME: Narangba, Queensland, Australia                  
ELEV: 46 metres    LAT: 27-11.15 S    LONG: 152-57.42 E


                   TEMPERATURE (°C), RAIN (mm), WIND SPEED (km/h)

                                         HEAT   COOL         AVG
      MEAN                               DEG    DEG          WIND                  DOM
DAY   TEMP   HIGH   TIME    LOW   TIME   DAYS   DAYS   RAIN  SPEED   HIGH   TIME   DIR
--------------------------------------------------------------------------------------
 01   21.5   23.7  10:50   19.3  23:50    0.0    3.2    5.2    1.5   20.9  07:45   143
 02   19.5   21.8  13:10   18.6  06:55    0.0    1.1    8.4    3.1   22.5  12:35   156
 03   19.3   21.3  10:35   18.1  18:00    0.0    0.9    7.6    3.6   27.4  11:30   159
 04   22.6   27.4  13:40   18.6  02:30    0.0    4.3    0.2    5.7   29.0  08:20   135
 05   23.5   28.7  13:20   18.8  05:05    0.0    5.2    0.6    3.8   22.5  08:45   118
 06   23.6   28.4  13:10   18.7  03:40    0.0    5.3    0.0    3.5   24.1  10:20   116
 07   23.5   28.2  13:50   19.4  05:10    0.0    5.1    0.0    4.3   27.4  11:50   123
 08   23.4   27.9  13:05   18.9  02:10    0.0    5.1    0.0    3.7   25.7  16:25   118
 09   23.4   29.6  12:25   17.9  04:55    0.0    5.1    0.0    1.9   17.7  08:55    87
 10   25.0   31.8  12:45   18.9  03:50    0.0    6.7    1.0    2.7   17.7  09:30     5
 11   26.0   34.3  13:30   20.2  05:45    0.0    7.6    2.4    2.0   61.2  18:45    34
 12   26.9   33.6  15:35   20.2  04:55    0.0    8.6    0.0    1.6   14.5  11:50    34
 13   27.6   34.0  12:30   22.9  21:15    0.0    9.3    0.6    2.4   29.0  20:20    23
 14   28.6   36.4  13:50   21.8  05:50    0.0   10.3    0.2    2.0   17.7  09:40   359
 15   28.3   34.2  10:40   24.2  05:45    0.0   10.0    0.0    1.7   22.5  14:55    58
 16   26.8   33.0  11:20   20.9  19:00    0.0    8.5   13.6    2.4   37.0  18:25    17
 17   26.3   30.6  12:25   22.5  00:05    0.0    7.9    0.0    1.8   20.9  11:50    97
 18   26.1   32.1  13:30   22.2  04:20    0.0    7.8    0.0    2.1   19.3  09:20   115
 19   25.9   31.9  11:50   19.8  05:25    0.0    7.6    0.0    1.8   19.3  16:15    75
 20   26.0   29.7  13:35   23.4  05:45    0.0    7.7    0.0    4.8   30.6  13:20   121
 21   23.9   25.8  09:10   20.3  23:25    0.0    5.6    4.6    5.8   33.8  18:25   115
 22   22.2   25.8  10:25   20.3  05:40    0.0    3.9   21.4    3.4   27.4  04:20   140
 23   23.6   26.4  09:55   22.5  01:10    0.0    5.3   39.4    1.3   20.9  10:00    49
 24   24.0   27.7  10:25   21.9  01:25    0.0    5.7   27.2    0.5   19.3  00:35    35
 25   25.6   31.9  12:15   22.1  06:05    0.0    7.3    6.8    1.4   17.7  13:30   356
 26   26.5   33.4  12:35   22.2  05:50    0.0    8.1   21.4    2.0   24.1  20:50     6
 27   23.7   26.7  12:55   21.2  02:40    0.0    5.4    2.4    3.1   25.7  14:25   133
 28   23.8   28.4  14:10   19.1  05:45    0.0    5.5    0.0    1.7   17.7  07:35   109
--------------------------------------------------------------------------------------
      24.5   36.4     14   17.9     09    0.0  174.0  163.0    2.7   61.2     11   111