NOAA Style Climate Reports


Report for April 2018
                   MONTHLY CLIMATOLOGICAL SUMMARY for Apr 2018


NAME: Narangba, Queensland, Australia                  
ELEV: 46 metres    LAT: 27-11.15 S    LONG: 152-57.42 E


                   TEMPERATURE (°C), RAIN (mm), WIND SPEED (km/h)

                                         HEAT   COOL         AVG
      MEAN                               DEG    DEG          WIND                  DOM
DAY   TEMP   HIGH   TIME    LOW   TIME   DAYS   DAYS   RAIN  SPEED   HIGH   TIME   DIR
--------------------------------------------------------------------------------------
 01   24.2   28.2  12:55   21.1  04:10    0.0    5.9    0.2    2.0   17.7  12:40    94
 02   24.1   28.1  13:45   21.3  05:35    0.0    5.8    0.2    1.5   17.7  15:25    48
 03   22.8   27.1  14:45   20.3  04:05    0.0    4.5    6.6    2.3   22.5  13:20   111
 04   21.9   25.3  14:40   19.9  23:25    0.0    3.5   15.0    2.9   24.1  11:45   138
 05   22.7   26.9  12:15   19.0  04:25    0.0    4.3    1.8    2.9   25.7  16:05   121
 06   22.1   26.9  13:50   19.3  05:35    0.0    3.8    0.4    3.1   24.1  11:30   134
 07   22.1   26.9  11:55   18.7  22:25    0.0    3.8    2.0    1.9   22.5  14:05   117
 08   21.9   26.9  13:00   18.4  05:15    0.0    3.6    0.2    1.6   19.3  12:05   131
 09   22.3   27.6  12:45   18.1  23:55    0.0    4.0    0.0    1.0   12.9  10:50   111
 10   22.3   27.9  14:25   16.7  03:10    0.0    3.9    0.2    2.4   27.4  17:00   115
 11   21.9   25.7  13:35   18.3  23:50    0.0    3.5    0.6    1.9   20.9  11:50   112
 12   21.5   25.8  11:20   18.4  00:05    0.0    3.2    0.4    1.1   35.4  10:25    43
 13   22.1   27.0  13:40   18.2  05:30    0.0    3.7    0.2    1.7   24.1  15:35     0
 14   22.3   27.9  15:05   18.7  06:25    0.0    4.0    0.0    0.6   14.5  10:35   317
 15   23.9   33.5  14:50   17.2  06:05    0.0    5.6    0.2    1.4   19.3  12:00   321
 16   22.7   31.6  14:15   14.6  06:35    0.0    4.4    0.2    1.1   16.1  13:05   299
 17   22.4   29.9  11:35   14.7  05:30    0.0    4.1    0.0    1.7   20.9  16:25   115
 18   21.4   24.0  12:40   19.8  23:25    0.0    3.0    1.6    3.4   25.7  10:10   148
 19   21.9   26.2  12:55   19.2  01:50    0.0    3.5    0.0    2.7   17.7  10:35   140
 20   21.2   26.4  11:40   19.1  23:25    0.0    2.9    6.8    1.1   14.5  09:05   145
 21   20.3   25.6  12:50   17.2  00:00    0.0    1.9    0.6    1.3   19.3  10:25   133
 22   20.3   25.3  14:00   16.4  03:35    0.0    1.9    0.2    2.3   29.0  10:05   141
 23   20.3   26.7  14:15   16.4  04:00    0.0    2.0    0.0    2.2   24.1  09:15   155
 24   20.6   27.3  15:55   15.3  06:05    0.0    2.3    0.0    1.5   29.0  13:10   179
 25   21.4   27.6  15:05   17.4  00:30    0.0    3.0    0.0    0.9   14.5  13:15   158
 26   22.0   27.8  12:30   16.9  06:35    0.0    3.7    0.0    0.7   12.9  15:05    45
 27   21.3   26.9  13:50   17.6  06:05    0.0    2.9    0.0    2.3   24.1  08:50   149
 28   19.8   24.8  14:25   16.7  23:20    0.0    1.4    0.2    3.7   24.1  13:55   157
 29   19.2   24.6  14:25   15.3  23:00    0.0    0.9    0.0    3.2   24.1  10:45   151
 30   18.8   25.2  13:40   14.4  06:25    0.0    0.5    0.0    2.8   25.7  11:35   150
--------------------------------------------------------------------------------------
      21.7   33.5     15   14.4     30    0.0  101.7   37.6    2.0   35.4     12   132