NOAA Style Climate Reports


Report for June 2018
                   MONTHLY CLIMATOLOGICAL SUMMARY for Jun 2018


NAME: Narangba, Queensland, Australia                  
ELEV: 46 metres    LAT: 27-11.15 S    LONG: 152-57.42 E


                   TEMPERATURE (°C), RAIN (mm), WIND SPEED (km/h)

                                         HEAT   COOL         AVG
      MEAN                               DEG    DEG          WIND                  DOM
DAY   TEMP   HIGH   TIME    LOW   TIME   DAYS   DAYS   RAIN  SPEED   HIGH   TIME   DIR
--------------------------------------------------------------------------------------
 01   14.4   21.6  15:45    8.9  00:00    3.9    0.0    0.0    1.8   22.5  10:30   175
 02   15.0   22.4  15:35    6.1  06:35    3.3    0.0    0.0    1.8   24.1  15:05   211
 03   16.9   24.4  15:20    9.5  03:45    1.4    0.0    0.0    1.5   20.9  11:00   170
 04   16.3   23.1  14:05   11.3  04:00    2.0    0.0    0.0    1.6   17.7  09:15   150
 05   15.8   21.6  12:25   11.3  06:20    2.5    0.0    0.0    1.6   17.7  10:05   138
 06   16.0   21.7  12:20   11.8  00:15    2.3    0.0    1.2    2.6   20.9  08:40   140
 07   15.9   19.9  15:20   13.3  01:00    2.5    0.0    8.6    3.5   24.1  04:20   158
 08   17.5   22.3  12:35   14.2  02:20    0.9    0.0    1.2    1.8   20.9  10:05   149
 09   17.5   23.6  13:50   14.8  20:40    0.8    0.0    0.0    0.8   12.9  00:25   142
 10   17.4   22.5  11:50   12.9  23:55    1.0    0.0    0.0    1.0   19.3  11:25   135
 11   15.4   22.6  15:05   10.8  00:00    2.9    0.0    0.0    1.1   17.7  09:45   168
 12   14.7   23.3  14:55    8.1  06:45    3.6    0.0    0.2    0.6   16.1  13:35   350
 13   17.3   25.7  15:30    9.1  04:50    1.0    0.0    0.2    1.6   35.4  14:05   317
 14   18.7   23.8  12:45   14.1  07:15    0.0    0.3    0.0    0.8   16.1  10:55   271
 15   17.2   23.4  15:15    8.3  00:00    1.2    0.0    0.0    1.6   25.7  11:35   252
 16   13.8   23.3  15:00    6.6  06:05    4.5    0.0    0.0    1.0   16.1  13:45   255
 17   13.2   20.1  13:20    5.7  06:00    5.1    0.0    0.0    2.4   35.4  13:50   218
 18   13.7   17.9  14:20    9.9  06:50    4.6    0.0    0.0    6.0   33.8  03:35   196
 19   14.5   19.1  13:40   10.8  22:40    3.8    0.0    0.0    4.3   30.6  15:20   202
 20   14.9   21.0  14:25    8.5  05:35    3.5    0.0    0.0    2.5   25.7  10:00   169
 21   15.0   21.8  12:45    9.8  06:30    3.3    0.0    0.0    1.7   19.3  09:50   148
 22   15.5   21.4  13:10   10.7  05:50    2.9    0.0    0.0    2.2   20.9  09:50   143
 23   14.7   21.9  13:20   10.1  05:40    3.6    0.0    0.0    1.2   16.1  09:40   143
 24   14.0   22.9  14:20    6.7  06:55    4.3    0.0    0.2    0.8   14.5  12:35   150
 25   15.6   21.1  12:45   10.1  06:55    2.8    0.0    0.0    2.5   22.5  10:30   139
 26   15.9   19.7  11:45   13.7  05:25    2.5    0.0    3.8    2.0   20.9  13:15   139
 27   15.0   16.2  10:20   14.1  01:45    3.4    0.0    6.6    1.2   16.1  06:40   160
 28   16.2   19.5  14:55   14.0  00:00    2.1    0.0    1.0    1.1   16.1  10:10   161
 29   16.1   23.2  12:40   10.3  07:10    2.3    0.0    0.2    0.4   12.9  12:45    30
 30   16.9   22.5  15:05   11.7  06:50    1.5    0.0    0.2    0.3    8.0  12:40    39
--------------------------------------------------------------------------------------
      15.7   25.7     13    5.7     17   79.3    0.3   23.4    1.8   35.4     13   172