NOAA Style Climate Reports


Report for July 2018
                   MONTHLY CLIMATOLOGICAL SUMMARY for Jul 2018


NAME: Narangba, Queensland, Australia                  
ELEV: 46 metres    LAT: 27-11.15 S    LONG: 152-57.42 E


                   TEMPERATURE (°C), RAIN (mm), WIND SPEED (km/h)

                                         HEAT   COOL         AVG
      MEAN                               DEG    DEG          WIND                  DOM
DAY   TEMP   HIGH   TIME    LOW   TIME   DAYS   DAYS   RAIN  SPEED   HIGH   TIME   DIR
--------------------------------------------------------------------------------------
 01   17.9   21.9  13:40   14.6  00:15    0.4    0.0    0.2    0.2    9.7  23:50   149
 02   18.0   24.2  13:00   14.7  06:10    0.3    0.0    0.2    1.0   16.1  12:25   158
 03   17.2   23.1  14:35   11.6  05:15    1.2    0.0    0.2    3.3   25.7  08:45   168
 04   18.4   22.4  13:15   15.5  22:20    0.0    0.0    0.0    3.7   24.1  06:00   146
 05   18.6   21.6  11:00   16.6  03:15    0.0    0.2    8.4    0.9   12.9  13:05    90
 06   19.9   24.0  13:30   17.0  03:00    0.0    1.5    2.4    1.7   20.9  12:35   349
 07   19.8   24.3  15:40   15.4  23:50    0.0    1.5    1.6    2.9   37.0  20:40   208
 08   15.1   19.8  14:30   10.6  06:55    3.2    0.0    0.0    4.5   29.0  03:25   208
 09   13.5   19.4  15:35    7.8  07:05    4.8    0.0    0.0    1.3   22.5  00:25   183
 10   13.7   20.4  13:50    8.7  06:25    4.6    0.0    0.0    1.7   19.3  09:55   147
 11   14.8   19.6  11:50   10.6  06:05    3.5    0.0    2.4    2.1   20.9  09:25   157
 12   15.8   21.8  14:10   11.3  23:55    2.5    0.0    1.6    1.5   17.7  09:05   172
 13   14.6   21.1  15:25    8.6  06:35    3.7    0.0    0.2    2.1   24.1  11:10   193
 14   11.7   20.3  13:10    4.1  06:45    6.7    0.0    0.0    0.8   14.5  10:15   131
 15   11.4   20.5  13:25    3.5  06:15    6.9    0.0    0.0    1.0   20.9  12:55   353
 16   14.5   23.3  14:55    6.8  06:10    3.9    0.0    0.0    1.2   19.3  11:10   286
 17   12.6   23.5  13:30    3.9  07:05    5.8    0.0    0.0    0.7   12.9  10:15    93
 18   12.4   24.1  12:40    3.7  06:25    5.9    0.0    0.0    0.5   12.9  13:10    54
 19   13.2   23.5  13:30    3.3  06:50    5.1    0.0    0.0    0.9   16.1  15:25    15
 20   16.7   24.7  13:20    9.3  06:35    1.6    0.0    0.0    2.5   27.4  14:25   303
 21   13.0   18.9  13:10    5.6  07:20    5.3    0.0    0.0    1.3   16.1  08:45   146
 22   13.6   19.8  12:50    9.0  04:55    4.7    0.0    0.0    2.0   17.7  10:25   139
 23   13.6   21.1  12:40    7.4  06:05    4.8    0.0    0.0    0.8   12.9  12:25    26
 24   14.9   25.2  14:20    6.6  06:50    3.4    0.0    0.2    0.8   14.5  11:20   349
 25   15.1   23.9  12:50    8.3  05:40    3.3    0.0    0.2    0.2    8.0  12:50    14
 26   17.2   25.6  13:20   11.8  23:55    1.1    0.0    0.0    0.7   12.9  01:30    47
 27   16.4   24.1  12:40    9.1  06:05    1.9    0.0    0.2    1.3   22.5  16:30    16
 28   17.3   26.7  13:45   10.3  06:30    1.0    0.0    0.0    0.9   14.5  12:00   359
 29   17.6   26.2  15:00    9.7  05:25    0.7    0.0    0.2    1.6   24.1  12:10   347
 30   17.6   23.4  15:15   11.3  07:05    0.7    0.0    0.8    2.6   27.4  10:10   190
 31   13.6   23.0  13:55    4.9  06:50    4.7    0.0    0.0    0.9   14.5  11:25    12
--------------------------------------------------------------------------------------
      15.5   26.7     28    3.3     19   91.9    3.3   18.8    1.5   37.0     07   172