NOAA Style Climate Reports


Report for August 2018
                   MONTHLY CLIMATOLOGICAL SUMMARY for Aug 2018


NAME: Narangba, Queensland, Australia                  
ELEV: 46 metres    LAT: 27-11.15 S    LONG: 152-57.42 E


                   TEMPERATURE (°C), RAIN (mm), WIND SPEED (km/h)

                                         HEAT   COOL         AVG
      MEAN                               DEG    DEG          WIND                  DOM
DAY   TEMP   HIGH   TIME    LOW   TIME   DAYS   DAYS   RAIN  SPEED   HIGH   TIME   DIR
--------------------------------------------------------------------------------------
 01   12.9   22.3  13:30    4.4  06:40    5.5    0.0    0.0    0.8   11.3  11:10    41
 02   14.5   21.8  13:10    8.0  07:00    3.8    0.0    0.0    1.2   16.1  13:20   111
 03   15.5   22.7  12:10    9.1  06:55    2.9    0.0    0.0    1.2   16.1  11:50    37
 04   17.4   27.1  14:20   11.1  06:10    0.9    0.0    0.2    1.0   22.5  12:10   325
 05   16.4   23.6  15:50    8.1  06:50    1.9    0.0    0.2    0.8   11.3  12:05    23
 06   18.7   26.8  14:30   10.1  06:45    0.0    0.4    0.6    2.5   24.1  11:20   325
 07   17.1   22.4  13:25    8.6  23:55    1.3    0.0    0.0    3.0   29.0  12:55   196
 08   12.6   22.3  15:20    4.7  06:45    5.7    0.0    0.0    1.2   19.3  10:45   220
 09   13.1   21.8  13:35    4.0  06:05    5.2    0.0    0.0    1.5   24.1  11:05   135
 10   15.2   22.0  14:30    9.9  00:05    3.1    0.0    0.0    1.6   16.1  08:55   115
 11   15.7   23.8  12:50    8.6  05:30    2.6    0.0    0.0    1.5   20.9  17:05     3
 12   16.8   25.1  13:10   10.6  05:20    1.5    0.0    0.0    3.9   32.2  17:25   207
 13   12.8   21.0  12:45    6.2  00:00    5.5    0.0    0.0    1.5   16.1  13:45   143
 14   12.9   22.8  13:55    4.0  05:20    5.4    0.0    0.0    1.2   14.5  11:50    11
 15   15.3   27.4  15:05    5.8  06:55    3.1    0.0    0.0    1.8   22.5  13:45   334
 16   17.0   29.7  15:15    6.6  06:35    1.3    0.0    0.2    1.7   25.7  14:20   243
 17   17.9   28.8  13:55    7.9  05:55    0.4    0.0    0.0    1.8   27.4  12:30   190
 18   17.2   28.3  14:45    8.2  06:25    1.2    0.0    0.0    1.7   22.5  12:35   241
 19   15.6   22.7  11:30    7.2  06:20    2.8    0.0    0.0    6.5   41.8  14:05   184
 20   14.3   20.4  14:35    7.9  21:50    4.1    0.0    0.0    5.7   35.4  03:00   178
 21   14.4   23.2  15:25    4.9  06:15    4.0    0.0    0.0    1.8   24.1  15:00   222
 22   15.1   24.6  14:35    5.4  05:45    3.3    0.0    0.0    2.1   29.0  10:00   226
 23   15.2   21.8  12:20    9.2  00:05    3.1    0.0    0.0    2.0   19.3  14:45    76
 24   16.6   22.7  13:10   11.2  06:30    1.8    0.0    2.0    1.9   19.3  13:40    36
 25   15.2   20.8  12:10   11.3  04:10    3.1    0.0    0.2    1.1   17.7  12:50    68
 26   15.5   20.1  15:55   11.8  23:50    2.8    0.0   10.8    0.3   11.3  10:55   189
 27   15.4   23.2  14:10    9.4  05:10    2.9    0.0    0.4    2.2   24.1  10:35   166
 28   15.3   21.2  12:05    9.8  04:45    3.1    0.0    0.0    1.4   16.1  08:05    76
 29   15.4   24.4  14:10    7.2  06:15    3.0    0.0    0.0    2.5   29.0  11:50   176
 30   14.9   22.6  12:10    7.2  05:20    3.5    0.0    0.0    1.4   16.1  11:40    58
 31   17.4   25.9  14:55    8.1  06:30    0.9    0.0    0.0    4.1   33.8  14:05   338
--------------------------------------------------------------------------------------
      15.5   29.7     16    4.0     09   89.5    0.4   14.6    2.0   41.8     19   179