NOAA Style Climate Reports


Report for September 2018
                   MONTHLY CLIMATOLOGICAL SUMMARY for Sep 2018


NAME: Narangba, Queensland, Australia                  
ELEV: 46 metres    LAT: 27-11.15 S    LONG: 152-57.42 E


                   TEMPERATURE (°C), RAIN (mm), WIND SPEED (km/h)

                                         HEAT   COOL         AVG
      MEAN                               DEG    DEG          WIND                  DOM
DAY   TEMP   HIGH   TIME    LOW   TIME   DAYS   DAYS   RAIN  SPEED   HIGH   TIME   DIR
--------------------------------------------------------------------------------------
 01   20.1   27.3  14:50   12.8  04:30    0.0    1.7    0.0    3.1   32.2  14:15   203
 02   17.5   24.6  11:50    9.4  06:20    0.8    0.0    0.0    1.5   17.7  12:00    79
 03   15.3   20.6  10:50   10.7  05:25    3.0    0.0    1.0    2.5   24.1  13:45   151
 04   15.4   20.2  14:15   12.3  05:40    3.0    0.0    4.6    3.7   25.7  10:40   145
 05   15.1   19.8  13:35   12.3  04:35    3.2    0.0    2.0    2.7   24.1  12:00   137
 06   16.5   21.8  12:25   12.9  01:50    1.9    0.0    1.0    1.4   14.5  16:30    88
 07   18.2   25.1  13:05   11.3  06:20    0.2    0.0    0.2    2.9   20.9  10:05     2
 08   19.4   25.3  13:15   16.3  23:55    0.0    1.0    2.0    1.1   16.1  15:15     8
 09   18.0   26.2  13:50   11.6  05:25    0.4    0.0    0.4    1.8   27.4  13:25   153
 10   16.7   23.9  13:05    8.8  05:55    1.6    0.0    0.2    2.0   17.7  16:30    96
 11   17.6   23.7  12:50   12.3  04:30    0.7    0.0    0.0    1.9   17.7  09:10   106
 12   17.5   23.7  12:20   11.9  06:05    0.8    0.0    0.0    1.6   14.5  10:05    32
 13   18.0   25.2  11:55   11.4  06:10    0.3    0.0    0.0    1.8   20.9  10:25    23
 14   18.2   25.2  12:30   12.8  06:10    0.1    0.0    0.0    1.4   17.7  15:05    40
 15   19.3   27.0  13:25   11.7  05:50    0.0    1.0    0.2    2.4   19.3  16:35     7
 16   19.0   28.0  11:50   12.6  06:05    0.0    0.7    0.0    3.5   24.1  10:20   135
 17   17.2   21.7  11:35   13.4  05:05    1.1    0.0    0.0    4.1   25.7  10:40   131
 18   16.9   22.8  14:25   12.4  03:40    1.4    0.0    0.0    1.8   17.7  12:40    49
 19   18.5   26.2  12:50   10.7  03:45    0.0    0.2    0.0    3.1   22.5  15:40     1
 20   19.5   29.2  11:25   13.7  05:40    0.0    1.2    0.2    1.8   22.5  11:40    87
 21   17.6   23.0  12:00   12.8  05:40    0.8    0.0    0.0    3.7   29.0  13:25   123
 22   17.3   23.4  11:10   11.7  05:55    1.1    0.0    0.0    2.2   20.9  09:05    88
 23   18.2   24.6  11:45   12.5  03:20    0.1    0.0    0.0    1.8   20.9  13:20    33
 24   18.6   24.4  13:30   13.7  05:50    0.0    0.3    0.0    3.4   27.4  16:25   112
 25   17.3   20.8  11:15   14.7  22:25    1.1    0.0    1.0    3.4   22.5  07:10   132
 26   17.8   22.5  15:05   14.2  04:45    0.5    0.0   13.8    2.4   27.4  21:50    34
 27   18.0   23.4  13:30   12.9  04:25    0.4    0.0    0.2    0.9   16.1  15:00    53
 28   20.3   25.5  12:30   15.7  00:35    0.0    1.9    0.0    2.0   20.9  16:20    21
 29   20.7   29.1  13:50   14.1  05:30    0.0    2.4    2.0    2.7   25.7  09:10   352
 30   17.2   19.9  08:15   14.2  23:55    1.1    0.0   11.4    3.1   35.4  08:40   142
--------------------------------------------------------------------------------------
      17.9   29.2     20    8.8     10   23.6   10.4   40.2    2.4   35.4     30    93