NOAA Style Climate Reports


Report for December 2018
                   MONTHLY CLIMATOLOGICAL SUMMARY for Dec 2018


NAME: Narangba, Queensland, Australia                  
ELEV: 46 metres    LAT: 27-11.15 S    LONG: 152-57.42 E


                   TEMPERATURE (°C), RAIN (mm), WIND SPEED (km/h)

                                         HEAT   COOL         AVG
      MEAN                               DEG    DEG          WIND                  DOM
DAY   TEMP   HIGH   TIME    LOW   TIME   DAYS   DAYS   RAIN  SPEED   HIGH   TIME   DIR
--------------------------------------------------------------------------------------
 01   25.6   32.6  11:45   18.7  04:40    0.0    7.3    0.0    2.4   19.3  16:05    16
 02   29.2   39.4  14:20   19.3  05:15    0.0   10.9    0.0    4.0   35.4  12:40   325
 03   26.0   29.4  04:10   20.4  00:00    0.0    7.7    0.0    3.0   20.9  07:10    76
 04   23.4   28.6  11:40   19.6  03:50    0.0    5.1    5.6    1.1   12.9  06:30   114
 05   22.4   27.2  10:20   19.7  04:25    0.0    4.1    0.6    4.1   37.0  13:55   116
 06   22.1   26.5  12:10   18.4  04:45    0.0    3.8    0.0    6.1   37.0  11:35   116
 07   22.1   24.9  10:05   19.3  04:00    0.0    3.8    0.2    4.7   25.7  09:45   119
 08   22.6   24.8  09:55   20.3  05:55    0.0    4.2    0.2    3.6   27.4  10:35   100
 09   22.6   26.4  13:35   19.4  02:35    0.0    4.3    7.2    1.9   17.7  12:15    64
 10   23.9   29.2  13:35   19.4  00:00    0.0    5.6    0.0    2.2   19.3  11:10    47
 11   23.7   28.9  11:50   18.4  04:10    0.0    5.4    0.0    2.2   24.1  14:40    50
 12   23.6   28.3  11:50   18.8  05:05    0.0    5.3    0.0    2.1   20.9  15:15    52
 13   24.4   30.4  13:00   19.4  05:05    0.0    6.0    0.0    4.4   27.4  15:45   357
 14   25.1   30.6  13:20   22.1  04:55    0.0    6.7    4.0    4.0   24.1  08:55   358
 15   24.9   28.9  13:10   21.2  01:45    0.0    6.6    9.2    3.8   24.1  17:10     6
 16   23.6   24.6  15:50   22.5  22:55    0.0    5.2   24.6    2.3   19.3  13:15    21
 17   23.7   27.3  13:40   21.3  04:45    0.0    5.3    2.2    1.7   19.3  01:10    49
 18   24.2   27.6  11:40   21.8  03:20    0.0    5.9    4.0    1.3   16.1  11:40    77
 19   25.2   29.7  12:10   21.9  03:35    0.0    6.8    1.2    1.5   17.7  15:20    43
 20   27.1   34.9  13:40   21.9  01:30    0.0    8.7    0.0    3.0   20.9  06:40   353
 21   28.8   38.1  15:00   22.2  05:15    0.0   10.5    1.2    4.1   41.8  17:50   338
 22   26.5   34.8  15:20   22.8  01:20    0.0    8.2    1.2    3.2   30.6  17:35   116
 23   23.4   27.2  12:55   20.3  00:00    0.0    5.1    0.0    5.9   37.0  15:15   116
 24   22.8   26.4  10:45   19.3  05:55    0.0    4.4    0.0    3.2   22.5  12:50   102
 25   22.2   26.8  14:00   17.4  04:05    0.0    3.9    0.0    2.1   17.7  11:15    83
 26   22.3   28.2  12:40   16.7  03:45    0.0    3.9    0.0    2.0   19.3  14:50    63
 27   23.2   28.2  10:35   18.2  02:15    0.0    4.9    0.0    2.4   19.3  14:05    64
 28   24.1   28.2  11:45   19.8  02:35    0.0    5.8    0.0    3.0   24.1  12:20    62
 29   24.8   29.4  12:50   19.4  05:15    0.0    6.5    0.0    2.7   22.5  14:10    58
 30   25.6   29.4  11:35   21.4  00:00    0.0    7.3    0.0    2.8   24.1  08:05    39
 31   24.6   30.1  13:05   19.5  05:00    0.0    6.3    0.0    2.5   20.9  13:15    45
--------------------------------------------------------------------------------------
      24.3   39.4     02   16.7     26    0.0  185.4   61.4    3.0   41.8     21    60