NOAA Style Climate Reports


Report for January 2019
                   MONTHLY CLIMATOLOGICAL SUMMARY for Jan 2019


NAME: Narangba, Queensland, Australia                  
ELEV: 46 metres    LAT: 27-11.15 S    LONG: 152-57.42 E


                   TEMPERATURE (°C), RAIN (mm), WIND SPEED (km/h)

                                         HEAT   COOL         AVG
      MEAN                               DEG    DEG          WIND                  DOM
DAY   TEMP   HIGH   TIME    LOW   TIME   DAYS   DAYS   RAIN  SPEED   HIGH   TIME   DIR
--------------------------------------------------------------------------------------
 01   24.7   30.4  13:45   19.3  05:20    0.0    6.3    0.0    2.2   17.7  13:30    40
 02   24.7   30.2  11:50   19.3  03:40    0.0    6.3    0.0    2.5   20.9  17:10    44
 03   23.7   27.3  13:20   20.7  01:05    0.0    5.4   13.0    1.0   14.5  10:30   104
 04   25.9   29.6  13:05   22.5  04:20    0.0    7.5    0.2    2.4   25.7  11:55    46
 05   25.4   29.7  15:20   20.9  04:35    0.0    7.1    0.0    1.9   17.7  11:30    49
 06   25.9   29.5  11:00   22.6  03:00    0.0    7.6    0.0    2.6   24.1  11:35    39
 07   25.2   29.2  11:25   21.8  05:10    0.0    6.9    2.4    2.2   20.9  02:55    65
 08   25.9   29.3  10:35   23.4  23:55    0.0    7.6    0.0    2.9   20.9  09:45    44
 09   24.3   28.0  09:45   21.9  02:10    0.0    5.9    1.6    0.9   19.3  10:45   339
 10   25.2   30.1  11:40   21.7  00:00    0.0    6.8    0.4    1.4   17.7  14:20    49
 11   25.2   30.1  12:20   20.8  03:35    0.0    6.8    0.0    2.8   22.5  10:30    56
 12   24.8   30.1  12:50   20.6  04:40    0.0    6.5    0.0    2.6   20.9  13:45    86
 13   25.3   29.6  12:50   21.0  05:20    0.0    7.0    0.0    3.3   22.5  13:30    95
 14   25.8   30.3  12:45   22.1  05:05    0.0    7.5    0.0    3.4   27.4  09:10    92
 15   25.7   30.9  11:15   20.6  04:45    0.0    7.3    0.0    2.3   20.9  13:55    39
 16   26.3   31.6  11:20   21.6  05:45    0.0    8.0    0.0    3.0   24.1  12:25    26
 17   25.3   30.6  14:05   19.9  23:55    0.0    7.0    0.0    2.4   17.7  13:15    29
 18   24.8   30.9  14:35   19.2  03:25    0.0    6.5    0.0    2.4   22.5  13:35    40
 19   25.5   33.1  14:30   19.8  03:50    0.0    7.2    0.0    2.5   20.9  16:05    18
 20   25.5   30.9  12:45   20.3  05:35    0.0    7.2    0.0    2.3   22.5  15:05    46
 21   26.0   31.1  14:20   21.5  04:50    0.0    7.7    0.0    2.3   22.5  14:45    64
 22   26.0   30.8  14:45   21.4  04:50    0.0    7.7    0.0    2.4   20.9  14:45    50
 23   26.6   32.2  14:10   21.6  04:40    0.0    8.3    0.0    3.5   25.7  14:30    12
 24   27.0   32.6  11:00   22.4  05:25    0.0    8.7    0.0    2.7   19.3  12:55    23
 25   26.6   31.4  12:35   23.4  05:55    0.0    8.3    1.6    2.1   20.9  13:05    38
 26   26.0   31.7  12:55   21.2  05:15    0.0    7.6    0.0    2.9   19.3  11:30    25
 27   26.1   32.8  12:15   20.7  02:55    0.0    7.7    0.0    3.7   27.4  15:30     3
 28   26.1   31.9  13:15   20.6  04:55    0.0    7.7    0.6    2.9   24.1  14:25    35
 29   26.2   31.1  13:45   21.9  05:30    0.0    7.8    0.2    2.9   25.7  11:05    34
 30   25.9   31.0  13:05   21.2  04:25    0.0    7.6    0.0    2.9   22.5  09:15    43
 31   26.4   31.8  13:40   22.8  04:55    0.0    8.0    0.0    2.4   22.5  13:45    48
--------------------------------------------------------------------------------------
      25.6   33.1     19   19.2     18    0.0  225.6   20.0    2.5   27.4     14    42