NOAA Style Climate Reports


Report for June 2019
                   MONTHLY CLIMATOLOGICAL SUMMARY for Jun 2019


NAME: Narangba, Queensland, Australia                  
ELEV: 46 metres    LAT: 27-11.15 S    LONG: 152-57.42 E


                   TEMPERATURE (°C), RAIN (mm), WIND SPEED (km/h)

                                         HEAT   COOL         AVG
      MEAN                               DEG    DEG          WIND                  DOM
DAY   TEMP   HIGH   TIME    LOW   TIME   DAYS   DAYS   RAIN  SPEED   HIGH   TIME   DIR
--------------------------------------------------------------------------------------
 01   14.3   22.4  13:45    4.1  05:00    4.0    0.0    0.0    0.8   17.7  12:25   154
 02   17.9   21.8  11:30   15.3  06:35    0.5    0.0    0.8    2.0   17.7  11:35   136
 03   16.5   22.1  13:05   12.4  21:35    1.8    0.0    0.6    2.1   27.4  23:20   201
 04   12.9   15.4  12:55    7.9  06:45    5.4    0.0    0.0    6.4   41.8  15:20   190
 05   15.1   21.4  14:40   10.7  23:00    3.2    0.0    0.0    2.4   19.3  12:05   174
 06   15.0   20.8  13:30   10.3  06:45    3.3    0.0    0.0    2.3   20.9  09:10   156
 07   15.7   21.0  11:50   11.6  04:45    2.6    0.0    0.4    2.9   25.7  10:05   150
 08   15.8   18.1  13:30   13.8  05:05    2.6    0.0    2.6    1.5   14.5  08:10   164
 09   17.0   23.6  13:05   12.4  07:15    1.3    0.0    0.0    0.7   11.3  01:00   112
 10   16.8   23.6  12:45   11.1  07:15    1.5    0.0    0.4    0.6   11.3  12:25    19
 11   17.4   25.2  13:05   11.3  05:45    0.9    0.0    0.2    0.8   14.5  12:15   129
 12   17.4   23.8  12:40   13.1  05:30    0.9    0.0    0.4    0.8   14.5  08:45   102
 13   17.9   24.9  14:35   13.5  02:50    0.5    0.0    0.2    0.9   16.1  11:30   348
 14   18.1   27.0  13:00   11.8  06:55    0.2    0.0    0.0    0.5   12.9  12:35    16
 15   18.4   25.0  12:15   13.7  07:05    0.0    0.0    0.2    0.6   12.9  14:25    33
 16   17.6   23.0  11:00   12.7  06:30    0.8    0.0   24.4    0.7   19.3  16:30    42
 17   16.3   21.8  13:45   10.2  20:45    2.1    0.0    0.6    1.6   24.1  13:25   199
 18   13.8   23.0  14:05    6.1  06:45    4.5    0.0    0.0    0.6   14.5  10:10   158
 19   14.5   23.9  13:50    6.9  05:20    3.8    0.0    0.0    0.6   14.5  11:50   149
 20   16.6   20.0  13:30   13.3  00:50    1.8    0.0    0.2    2.3   17.7  11:35   158
 21   17.0   22.3  12:45   11.8  23:30    1.3    0.0    0.0    2.4   22.5  13:20   175
 22   13.5   19.9  14:10    8.8  22:35    4.9    0.0    0.0    3.0   22.5  09:15   163
 23   13.7   20.1  13:40    8.2  06:00    4.7    0.0    0.0    2.0   24.1  11:00   152
 24   14.2   19.8  14:25    9.5  05:10    4.1    0.0    0.0    4.7   24.1  11:50   166
 25   15.6   19.4  13:50   13.1  00:05    2.7    0.0    8.6    4.7   24.1  10:40   152
 26   15.5   17.1  12:50   14.3  06:45    2.9    0.0   19.6    3.2   25.7  02:55   154
 27   17.4   21.9  13:10   14.8  04:20    1.0    0.0    4.4    3.4   24.1  11:55   134
 28   16.8   21.6  13:25   14.2  04:55    1.5    0.0    0.8    2.7   20.9  11:35   140
 29   16.9   21.0  13:15   14.2  23:30    1.5    0.0    4.4    1.2   14.5  04:55   157
 30   16.9   23.8  13:15   11.8  07:00    1.4    0.0    0.2    0.4   11.3  11:05   121
--------------------------------------------------------------------------------------
      16.1   27.0     14    4.1     01   67.7    0.0   69.0    2.0   41.8     04   159