NOAA Style Climate Reports


Report for November 2019
                   MONTHLY CLIMATOLOGICAL SUMMARY for Nov 2019


NAME: Narangba, Queensland, Australia                  
ELEV: 46 metres    LAT: 27-11.15 S    LONG: 152-57.42 E


                   TEMPERATURE (°C), RAIN (mm), WIND SPEED (km/h)

                                         HEAT   COOL         AVG
      MEAN                               DEG    DEG          WIND                  DOM
DAY   TEMP   HIGH   TIME    LOW   TIME   DAYS   DAYS   RAIN  SPEED   HIGH   TIME   DIR
--------------------------------------------------------------------------------------
 01   21.0   25.3  10:30   17.3  04:20    0.0    2.6    1.2    2.4   20.9  10:50    46
 02   21.0   25.3  13:20   17.5  23:55    0.0    2.7    2.2    2.4   24.1  12:15    28
 03   21.8   27.3  13:15   16.3  03:20    0.0    3.5    0.8    3.6   22.5  15:50     9
 04   23.6   30.6  12:20   19.2  02:05    0.0    5.3    0.8    2.3   20.9  10:25     1
 05   23.8   29.7  10:55   14.2  00:00    0.0    5.5    0.0    6.0   43.5  12:50   183
 06   19.7   27.2  13:25   11.7  05:20    0.0    1.4    0.0    2.7   20.9  08:50    74
 07   22.5   32.1  10:55   11.7  04:55    0.0    4.1    0.0    2.5   22.5  14:55    17
 08   27.4   39.2  14:15   13.9  04:35    0.0    9.0    0.0    3.5   35.4  12:00   310
 09   24.5   30.7  14:15   15.3  00:00    0.0    6.2    0.0    4.3   35.4  10:00   189
 10   22.5   32.8  14:05   11.3  04:40    0.0    4.1    0.0    3.2   37.0  14:45   209
 11   22.2   26.4  12:05   18.2  04:35    0.0    3.9    0.0    2.9   22.5  16:10    66
 12   24.6   32.7  11:55   15.4  05:00    0.0    6.2    0.0    4.4   33.8  14:25     3
 13   24.9   35.4  11:55   19.4  05:25    0.0    6.5    0.0    4.6   38.6  07:45    91
 14   23.6   28.3  13:00   19.2  05:15    0.0    5.3    0.0    2.6   17.7  13:25    50
 15   25.4   31.7  11:50   20.1  05:20    0.0    7.1    0.0    3.9   25.7  13:45     5
 16   25.2   33.1  10:50   18.6  04:05    0.0    6.9    2.6    2.8   20.9  11:45    22
 17   23.8   28.8  10:45   20.7  05:00    0.0    5.5    0.6    3.1   33.8  22:20    45
 18   22.0   25.5  13:45   17.3  22:55    0.0    3.7    0.0    3.3   20.9  07:45    98
 19   23.6   29.4  11:35   17.5  00:15    0.0    5.3    0.0    3.1   19.3  14:45    10
 20   25.1   32.2  11:20   17.9  05:10    0.0    6.7    0.0    3.8   25.7  17:25    16
 21   24.2   28.1  11:15   19.2  00:00    0.0    5.9    0.0    3.7   20.9  12:15    25
 22   23.0   29.1  13:50   16.9  05:00    0.0    4.6    0.0    3.4   24.1  14:25    21
 23   23.5   29.5  12:45   17.7  04:50    0.0    5.1    0.0    3.3   25.7  12:10    12
 24   23.4   29.6  13:20   18.3  02:50    0.0    5.0    0.0    3.3   20.9  10:50    15
 25   22.9   27.4  13:20   17.8  04:30    0.0    4.6    0.0    3.1   27.4  15:30    29
 26   24.7   30.8  11:55   19.5  05:15    0.0    6.4    0.0    5.2   29.0  09:10     1
 27   24.8   31.2  10:05   20.9  05:00    0.0    6.5    0.0    3.9   24.1  19:20    64
 28   23.5   27.0  15:15   20.9  23:55    0.0    5.1    0.0    1.7   14.5  00:05    91
 29   24.5   30.3  13:05   19.7  03:40    0.0    6.2    0.0    3.8   24.1  12:15    15
 30   26.0   33.8  11:55   19.8  05:15    0.0    7.7    0.0    4.7   29.0  13:15     5
--------------------------------------------------------------------------------------
      23.6   39.2     08   11.3     10    0.0  158.6    8.2    3.4   43.5     05    24