NOAA Style Climate Reports


Report for December 2019
                   MONTHLY CLIMATOLOGICAL SUMMARY for Dec 2019


NAME: Narangba, Queensland, Australia                  
ELEV: 46 metres    LAT: 27-11.15 S    LONG: 152-57.42 E


                   TEMPERATURE (°C), RAIN (mm), WIND SPEED (km/h)

                                         HEAT   COOL         AVG
      MEAN                               DEG    DEG          WIND                  DOM
DAY   TEMP   HIGH   TIME    LOW   TIME   DAYS   DAYS   RAIN  SPEED   HIGH   TIME   DIR
--------------------------------------------------------------------------------------
 01   25.6   33.5  11:25   22.3  23:45    0.0    7.3    4.8    3.5   35.4  14:00     4
 02   28.2   34.8  14:05   21.5  04:50    0.0    9.9    0.2    5.7   46.7  12:15   276
 03   26.3   34.7  13:50   19.1  00:00    0.0    8.0    0.0    3.6   30.6  11:40   298
 04   24.4   32.9  12:20   15.6  05:05    0.0    6.0    0.0    2.9   22.5  12:50    52
 05   25.7   36.7  12:35   14.2  05:00    0.0    7.4    0.0    2.9   25.7  14:45    17
 06   27.0   37.1  11:25   14.2  04:40    0.0    8.7    0.0    3.1   22.5  13:05    26
 07   27.8   36.2  10:40   19.9  03:15    0.0    9.5    0.2    3.1   24.1  19:05    71
 08   25.8   30.0  13:05   23.4  04:50    0.0    7.5    0.0    3.2   20.9  12:10   107
 09   25.9   29.9  14:00   22.7  05:15    0.0    7.6    0.0    2.8   22.5  10:00    71
 10   26.3   32.5  13:35   20.5  05:05    0.0    8.0    0.0    3.7   24.1  15:10     7
 11   26.8   35.0  12:45   20.4  23:55    0.0    8.5    2.4    4.5   37.0  22:35    17
 12   25.6   31.3  14:20   20.2  00:15    0.0    7.2    1.6    3.8   29.0  16:15    22
 13   24.2   29.3  14:00   19.4  00:00    0.0    5.8    0.2    3.0   29.0  17:20    22
 14   25.3   30.8  13:10   18.7  02:20    0.0    7.0    0.0    3.5   25.7  16:30    20
 15   27.0   32.8  10:50   21.7  04:10    0.0    8.7    0.0    4.0   25.7  17:25    14
 16   28.2   39.4  11:50   20.4  05:00    0.0    9.9    0.0    4.6   40.2  16:20    94
 17   24.1   28.1  13:35   20.4  05:25    0.0    5.7    0.0    4.7   32.2  14:25   104
 18   23.5   27.6  12:10   19.8  04:35    0.0    5.2    0.0    3.6   29.0  10:00   100
 19   23.6   28.7  12:20   18.8  02:50    0.0    5.3    0.0    3.0   20.9  12:30    49
 20   23.8   30.1  11:20   17.6  03:45    0.0    5.5    0.0    2.2   19.3  11:45    34
 21   24.8   30.4  12:00   19.3  04:55    0.0    6.4    0.0    3.0   20.9  14:15    30
 22   24.8   30.4  11:00   18.7  05:20    0.0    6.5    0.0    2.1   17.7  12:20    47
 23   25.0   29.4  14:20   21.9  08:50    0.0    6.6    2.2    1.5   16.1  15:10    60
 24   25.4   30.7  13:15   21.6  23:50    0.0    7.0   11.6    3.9   30.6  20:15    12
 25   23.0   27.0  09:25   20.9  03:40    0.0    4.6   17.2    2.0   20.9  17:00   113
 26   23.9   28.0  14:25   21.1  03:00    0.0    5.5   13.2    3.0   25.7  14:20   104
 27   23.1   28.1  11:45   19.8  02:35    0.0    4.7    0.8    3.0   25.7  14:10   105
 28   23.9   28.4  13:50   19.6  02:55    0.0    5.6    0.0    2.8   22.5  10:30    76
 29   24.8   28.7  11:35   20.4  05:15    0.0    6.4    0.0    2.7   22.5  11:00    47
 30   24.8   29.7  13:15   20.4  01:30    0.0    6.5    0.0    2.6   20.9  12:35    53
 31   24.2   28.7  12:45   20.6  05:05    0.0    5.9    5.0    2.1   19.3  14:20    31
--------------------------------------------------------------------------------------
      25.3   39.4     16   14.2     05    0.0  214.4   59.4    3.2   46.7     02    46