NOAA Style Climate Reports


Report for January 2020
                   MONTHLY CLIMATOLOGICAL SUMMARY for Jan 2020


NAME: Narangba, Queensland, Australia                  
ELEV: 46 metres    LAT: 27-11.15 S    LONG: 152-57.42 E


                   TEMPERATURE (°C), RAIN (mm), WIND SPEED (km/h)

                                         HEAT   COOL         AVG
      MEAN                               DEG    DEG          WIND                  DOM
DAY   TEMP   HIGH   TIME    LOW   TIME   DAYS   DAYS   RAIN  SPEED   HIGH   TIME   DIR
--------------------------------------------------------------------------------------
 01   25.4   30.3  12:15   21.6  00:05    0.0    7.0    0.0    2.8   19.3  14:50    33
 02   24.8   30.2  13:25   20.4  04:40    0.0    6.5    0.0    2.4   17.7  11:25    33
 03   24.6   30.2  12:20   19.7  04:55    0.0    6.2    0.0    2.2   20.9  15:30    38
 04   24.7   30.4  12:45   19.2  04:30    0.0    6.4    0.2    2.8   20.9  14:45    31
 05   24.9   31.4  11:40   18.7  05:10    0.0    6.6    0.0    3.1   20.9  15:35    17
 06   24.7   29.4  12:45   21.4  02:45    0.0    6.3    8.2    2.4   20.9  12:25    38
 07   25.3   30.7  12:20   21.0  04:45    0.0    7.0    0.2    2.5   22.5  15:10    34
 08   25.5   31.0  12:35   20.6  01:55    0.0    7.2    0.0    2.4   19.3  13:20    33
 09   25.6   30.7  13:10   20.1  05:20    0.0    7.2    0.0    2.6   20.9  14:05    31
 10   26.3   31.4  12:20   22.4  04:45    0.0    7.9    0.0    3.4   22.5  12:50    23
 11   26.0   32.0  12:35   22.0  05:00    0.0    7.7   32.4    2.6   22.5  15:15    12
 12   24.0   27.9  11:00   22.6  05:40    0.0    5.7    1.2    3.4   30.6  12:55   117
 13   24.0   26.7  13:00   22.0  00:00    0.0    5.7    0.0    4.5   27.4  17:55   120
 14   24.9   29.4  12:20   21.8  01:15    0.0    6.6    0.0    4.2   24.1  08:30   121
 15   24.9   29.3  14:00   21.5  04:25    0.0    6.5   11.8    1.9   17.7  12:15    64
 16   23.2   26.0  10:45   21.4  05:10    0.0    4.8   50.2    0.7   22.5  14:15     5
 17   24.6   27.8  13:15   21.6  04:45    0.0    6.3   25.8    2.4   25.7  22:15    32
 18   23.6   27.8  14:00   20.5  06:15    0.0    5.2   39.2    1.5   16.1  14:20   117
 19   24.5   29.7  12:55   21.8  04:55    0.0    6.1   51.8    1.2   25.7  15:50    37
 20   26.6   33.8  12:50   23.3  05:25    0.0    8.3    6.4    2.5   33.8  16:50   358
 21   27.3   35.3  12:10   23.4  00:00    0.0    9.0    2.8    2.5   24.1  15:00   355
 22   27.4   34.0  13:50   21.2  05:15    0.0    9.1    0.0    3.1   22.5  14:55     6
 23   27.1   29.7  13:45   25.6  05:10    0.0    8.7    2.8    3.4   19.3  18:00     3
 24   27.7   33.8  12:40   24.1  05:25    0.0    9.3    0.2    2.5   19.3  10:25     3
 25   27.0   31.3  12:15   24.3  23:55    0.0    8.6    0.2    2.2   24.1  12:45    18
 26   26.0   29.8  13:40   22.7  05:10    0.0    7.7    0.4    2.1   19.3  14:05    27
 27   26.0   29.9  13:50   22.6  05:45    0.0    7.6    0.4    1.6   17.7  13:25    51
 28   25.8   30.2  15:10   22.8  03:15    0.0    7.5    5.4    1.5   17.7  14:20    30
 29   27.4   33.2  12:35   24.0  00:05    0.0    9.0    0.0    2.2   17.7  09:00     9
 30   26.9   31.0  12:35   23.4  05:10    0.0    8.6    0.0    1.6   22.5  13:45    41
 31   26.3   30.4  13:15   22.5  05:35    0.0    7.9    0.0    1.7   20.9  13:40    52
--------------------------------------------------------------------------------------
      25.6   35.3     21   18.7     05    0.0  224.6  239.6    2.4   33.8     20    37