NOAA Style Climate Reports


Report for April 2020
                   MONTHLY CLIMATOLOGICAL SUMMARY for Apr 2020


NAME: Narangba, Queensland, Australia                  
ELEV: 46 metres    LAT: 27-11.15 S    LONG: 152-57.42 E


                   TEMPERATURE (°C), RAIN (mm), WIND SPEED (km/h)

                                         HEAT   COOL         AVG
      MEAN                               DEG    DEG          WIND                  DOM
DAY   TEMP   HIGH   TIME    LOW   TIME   DAYS   DAYS   RAIN  SPEED   HIGH   TIME   DIR
--------------------------------------------------------------------------------------
 01   23.7   28.8  12:15   19.8  06:15    0.0    5.4    0.0    1.7   17.7  08:50   126
 02   23.4   28.6  12:40   19.8  02:20    0.0    5.1    0.0    1.3   17.7  09:15    90
 03   23.8   29.8  12:55   18.5  06:15    0.0    5.5    0.2    1.8   17.7  15:40     4
 04   25.2   29.9  12:00   20.9  06:20    0.0    6.9    0.0    1.4   17.7  10:25   302
 05   23.3   29.8  13:35   18.9  23:20    0.0    5.0    0.0    1.2   16.1  13:00   149
 06   21.8   28.3  12:20   15.9  06:20    0.0    3.5    0.0    1.0   14.5  14:30    76
 07   22.4   27.5  14:15   17.6  05:20    0.0    4.1    0.4    2.3   20.9  21:30   132
 08   21.3   25.4  12:00   18.3  03:45    0.0    3.0    2.4    2.1   16.1  00:40   142
 09   22.3   26.6  12:40   19.4  05:55    0.0    4.0    4.0    2.7   24.1  14:35   124
 10   21.0   25.6  12:00   18.7  04:25    0.0    2.6    2.6    1.0   16.1  03:35   159
 11   23.0   31.5  15:05   17.6  04:55    0.0    4.7    0.2    1.9   29.0  14:25   258
 12   20.2   28.1  12:05   14.6  03:40    0.0    1.8    0.0    1.6   22.5  14:20   117
 13   20.3   26.1  12:50   15.9  06:00    0.0    2.0    0.0    1.7   17.7  08:45   122
 14   20.5   26.3  12:40   16.2  05:50    0.0    2.1    0.0    1.2   16.1  09:40   108
 15   20.7   26.3  13:05   16.6  23:10    0.0    2.4    0.2    1.4   20.9  15:20   116
 16   21.0   28.1  12:15   14.4  06:25    0.0    2.7    0.2    1.1   17.7  15:15     5
 17   24.0   33.4  15:05   15.8  05:15    0.0    5.7    0.2    1.4   20.9  11:40   291
 18   21.6   27.1  09:55   17.3  23:25    0.0    3.3    0.0    0.5   25.7  13:25   171
 19   19.9   26.3  15:40   15.8  05:35    0.0    1.5    0.6    0.2    9.7  07:35   199
 20   19.7   28.9  14:30   11.5  06:30    0.0    1.4    0.2    1.0   24.1  12:10   277
 21   20.3   27.6  12:05   13.1  04:25    0.0    2.0    0.0    0.6   14.5  12:10    69
 22   22.0   30.7  12:35   15.8  06:30    0.0    3.7    0.0    0.8   16.1  11:25    80
 23   21.0   26.7  11:15   16.6  06:35    0.0    2.7    0.0    1.2   14.5  09:05    77
 24   20.9   27.4  12:30   15.7  04:45    0.0    2.6    0.0    1.0   20.9  11:40     1
 25   20.9   27.3  12:45   16.8  05:25    0.0    2.5    0.2    1.1   16.1  10:10    84
 26   20.9   27.3  12:20   15.7  06:40    0.0    2.6    0.2    1.2   16.1  12:50    25
 27   20.7   26.9  12:25   14.6  06:40    0.0    2.4    0.2    0.7   17.7  14:30    38
 28   21.0   25.3  10:30   18.8  22:10    0.0    2.7    7.2    1.3   16.1  09:25   150
 29   20.8   26.1  13:35   16.7  23:55    0.0    2.4    0.0    1.1   16.1  15:00    40
 30   21.8   29.3  15:30   15.7  03:10    0.0    3.5    0.2    3.0   30.6  23:25   335
--------------------------------------------------------------------------------------
      21.7   33.4     17   11.5     20    0.0   99.6   19.2    1.4   30.6     30    96