NOAA Style Climate Reports


Report for July 2020
                   MONTHLY CLIMATOLOGICAL SUMMARY for Jul 2020


NAME: Narangba, Queensland, Australia                  
ELEV: 46 metres    LAT: 27-11.15 S    LONG: 152-57.42 E


                   TEMPERATURE (°C), RAIN (mm), WIND SPEED (km/h)

                                         HEAT   COOL         AVG
      MEAN                               DEG    DEG          WIND                  DOM
DAY   TEMP   HIGH   TIME    LOW   TIME   DAYS   DAYS   RAIN  SPEED   HIGH   TIME   DIR
--------------------------------------------------------------------------------------
 01   14.9   21.3  13:35   11.0  03:10    3.4    0.0    0.4    0.6   11.3  12:25    60
 02   14.9   22.9  13:35    9.0  06:55    3.4    0.0    0.2    0.5   12.9  12:55     2
 03   16.3   24.7  14:20    9.2  07:00    2.1    0.0    0.2    1.0   17.7  13:10   338
 04   16.1   19.9  14:00   11.8  23:50    2.3    0.0    0.0    5.4   30.6  13:10   187
 05   12.4   21.4  14:45    4.3  07:10    5.9    0.0    0.0    1.2   17.7  01:10   174
 06   13.1   20.9  13:35    5.8  06:30    5.2    0.0    0.0    1.0   16.1  10:05   121
 07   14.6   21.7  13:10    8.8  03:35    3.7    0.0    0.0    1.2   17.7  11:40   131
 08   16.4   22.9  14:35   11.4  06:45    2.0    0.0    5.0    2.7   22.5  10:15   145
 09   15.8   19.1  15:10   14.3  05:50    2.6    0.0    6.0    1.9   19.3  05:10   155
 10   16.8   21.6  14:20   13.4  07:20    1.5    0.0    0.4    0.8   11.3  11:25    68
 11   17.0   22.2  12:20   13.5  06:25    1.3    0.0    0.4    0.9   14.5  11:40   354
 12   16.3   22.3  12:10   11.4  07:05    2.1    0.0    3.4    0.7   17.7  12:30   200
 13   15.5   20.7  14:00   10.6  21:20    2.8    0.0    0.0    1.6   22.5  11:15   188
 14   13.3   18.9  14:50    9.3  04:20    5.0    0.0    0.0    6.1   38.6  12:20   200
 15   15.5   21.4  15:30   11.3  01:30    2.8    0.0    0.0    4.9   29.0  02:55   192
 16   15.8   20.9  15:00   12.2  06:50    2.6    0.0    0.0    4.4   24.1  13:05   186
 17   14.5   21.9  15:00    7.4  07:05    3.9    0.0    0.0    1.6   17.7  09:40   163
 18   14.5   22.8  15:00    9.0  02:15    3.9    0.0    0.0    1.3   17.7  09:35   160
 19   14.6   24.0  12:55    7.3  06:10    3.8    0.0    0.2    0.5    9.7  12:30    38
 20   15.5   25.2  15:15    7.0  06:25    2.8    0.0    0.2    1.5   24.1  11:05   177
 21   15.8   20.6  12:45   12.7  05:10    2.6    0.0    0.0    1.6   19.3  12:55   127
 22   15.5   18.2  14:55   11.4  02:15    2.8    0.0    0.0    2.1   16.1  09:10   160
 23   14.9   17.4  14:05   13.2  02:05    3.4    0.0    2.6    2.5   14.5  04:35   168
 24   16.2   20.6  13:20   14.0  01:40    2.1    0.0    2.6    3.0   22.5  09:55   149
 25   16.6   19.6  13:35   15.3  03:20    1.7    0.0   17.2    2.8   20.9  17:30   161
 26   17.8   23.2  14:25   15.3  23:50    0.6    0.0    6.0    2.9   35.4  16:00   246
 27   14.7   18.5  14:45   10.6  22:55    3.7    0.0    0.0    3.7   35.4  13:10   286
 28   15.0   22.5  15:30    8.8  06:45    3.3    0.0    0.0    2.2   20.9  08:05   258
 29   14.6   23.2  14:50    7.6  05:35    3.8    0.0    0.0    1.4   17.7  09:30   179
 30   16.1   22.8  14:00   10.3  04:55    2.2    0.0    0.0    1.6   19.3  11:30   148
 31   16.0   21.6  13:15   11.4  01:20    2.3    0.0    0.0    3.2   24.1  09:25   152
--------------------------------------------------------------------------------------
      15.4   25.2     20    4.3     05   91.5    0.0   44.8    2.2   38.6     14   177