NOAA Style Climate Reports


Report for September 2020
                   MONTHLY CLIMATOLOGICAL SUMMARY for Sep 2020


NAME: Narangba, Queensland, Australia                  
ELEV: 46 metres    LAT: 27-11.15 S    LONG: 152-57.42 E


                   TEMPERATURE (°C), RAIN (mm), WIND SPEED (km/h)

                                         HEAT   COOL         AVG
      MEAN                               DEG    DEG          WIND                  DOM
DAY   TEMP   HIGH   TIME    LOW   TIME   DAYS   DAYS   RAIN  SPEED   HIGH   TIME   DIR
--------------------------------------------------------------------------------------
 01   17.7   24.5  12:55   10.3  05:05    0.6    0.0    0.0    1.9   20.9  15:40   101
 02   18.7   23.9  13:15   14.4  06:15    0.0    0.3    0.0    1.7   17.7  15:35    39
 03   18.6   24.8  14:30   13.1  05:50    0.0    0.3    0.2    1.5   20.9  15:40    27
 04   18.7   25.1  12:55   14.0  02:35    0.0    0.4    0.0    2.1   20.9  11:15    10
 05   18.8   25.6  13:05   12.5  05:45    0.0    0.5    0.0    2.0   22.5  10:40    16
 06   18.7   24.2  12:00   14.7  04:20    0.0    0.4    3.4    3.2   24.1  12:45   131
 07   18.7   22.3  13:35   16.1  03:25    0.0    0.4    4.4    3.6   29.0  12:30   120
 08   18.0   23.3  14:05   13.8  05:00    0.3    0.0    0.0    2.1   19.3  11:05   120
 09   17.7   22.9  13:30   13.2  22:45    0.7    0.0    0.0    1.6   16.1  11:35    68
 10   16.2   21.3  11:30   12.8  03:40    2.1    0.0    1.4    2.1   24.1  14:30   153
 11   17.6   21.9  12:25   14.6  02:50    0.7    0.0    1.2    5.3   38.6  10:20   124
 12   17.7   22.4  13:15   13.6  05:45    0.6    0.0    0.0    4.3   27.4  10:15   125
 13   18.0   22.6  13:40   14.3  23:55    0.3    0.0    0.0    2.3   16.1  07:20   113
 14   19.0   25.9  12:10   13.2  06:20    0.0    0.6    0.2    1.5   17.7  14:15    28
 15   18.7   24.4  12:35   14.4  04:45    0.0    0.4    0.2    2.0   24.1  11:30    91
 16   18.7   24.6  12:50   14.4  00:00    0.0    0.4    0.0    2.0   17.7  12:10    60
 17   18.9   25.4  12:35   13.4  06:00    0.0    0.5    0.2    1.7   17.7  12:55    58
 18   19.6   25.2  11:30   15.8  00:05    0.0    1.3    1.6    2.0   22.5  10:45    76
 19   19.5   24.1  13:55   15.9  05:50    0.0    1.2    0.4    2.3   25.7  12:30    49
 20   20.7   26.4  11:35   16.1  00:05    0.0    2.4    0.0    1.4   17.7  14:10    50
 21   21.9   30.3  13:05   15.3  05:10    0.0    3.6    0.0    4.1   24.1  14:30   359
 22   23.4   30.6  13:45   18.1  02:35    0.0    5.1    0.0    3.1   22.5  10:10   358
 23   23.7   29.8  12:25   19.8  22:10    0.0    5.3    0.0    1.2   20.9  12:35     9
 24   21.2   28.8  13:25   13.5  00:00    0.0    2.9    0.0    2.0   24.1  12:05    60
 25   21.0   28.4  12:30   12.2  04:45    0.0    2.7    0.0    4.7   29.0  15:40   357
 26   19.2   24.7  13:50   12.5  22:10    0.0    0.8    0.0    5.9   40.2  12:15   189
 27   16.3   24.3  11:50    6.6  06:00    2.0    0.0    0.0    1.7   14.5  09:00    72
 28   17.6   22.9  11:35   11.7  05:30    0.7    0.0    0.0    2.8   20.9  12:55   111
 29   17.7   22.9  13:05   12.0  23:55    0.6    0.0    0.0    2.6   20.9  10:50   111
 30   17.5   22.9  11:05   11.2  04:25    0.9    0.0    0.0    1.8   16.1  09:35    45
--------------------------------------------------------------------------------------
      19.0   30.6     22    6.6     27    9.6   29.5   13.2    2.6   40.2     26    81