NOAA Style Climate Reports


Report for November 2020
                   MONTHLY CLIMATOLOGICAL SUMMARY for Nov 2020


NAME: Narangba, Queensland, Australia                  
ELEV: 46 metres    LAT: 27-11.15 S    LONG: 152-57.42 E


                   TEMPERATURE (°C), RAIN (mm), WIND SPEED (km/h)

                                         HEAT   COOL         AVG
      MEAN                               DEG    DEG          WIND                  DOM
DAY   TEMP   HIGH   TIME    LOW   TIME   DAYS   DAYS   RAIN  SPEED   HIGH   TIME   DIR
--------------------------------------------------------------------------------------
 01   23.3   32.2  15:30   14.9  05:20    0.0    5.0    0.2    2.3   24.1  10:50   212
 02   22.1   26.5  14:35   18.4  05:15    0.0    3.8    0.0    3.0   24.1  18:50   101
 03   20.8   25.7  13:00   14.7  05:15    0.0    2.4    0.0    2.8   20.9  08:20   109
 04   20.4   25.8  13:30   14.9  04:15    0.0    2.1    0.0    2.2   19.3  16:05    59
 05   24.8   32.2  12:15   15.3  05:05    0.0    6.4    0.0    3.0   27.4  20:05    31
 06   22.2   26.3  13:00   18.0  05:15    0.0    3.8    0.0    2.8   19.3  06:35   131
 07   22.0   25.6  13:10   19.1  04:55    0.0    3.7    0.0    2.7   20.9  12:00    65
 08   19.6   22.2  12:30   16.3  00:00    0.0    1.3    1.4    2.8   29.0  11:50   115
 09   20.0   24.5  11:55   15.2  01:15    0.0    1.6    0.0    3.2   20.9  15:10   106
 10   19.9   24.6  09:50   14.7  03:50    0.0    1.5    0.0    2.9   20.9  12:15    88
 11   20.6   25.6  09:50   15.5  03:35    0.0    2.2    0.0    2.3   19.3  12:25    54
 12   21.5   26.4  13:15   16.2  00:35    0.0    3.2    0.0    2.5   22.5  14:30    21
 13   22.2   27.3  14:55   16.7  02:55    0.0    3.8    0.4    3.2   25.7  16:00   353
 14   24.8   33.3  12:10   16.9  04:55    0.0    6.4    0.2    2.1   24.1  09:30     4
 15   24.2   29.2  14:25   18.8  05:25    0.0    5.9    0.2    1.6   22.5  14:10    47
 16   25.8   31.0  12:25   22.6  00:15    0.0    7.5    0.0    3.6   20.9  15:20     7
 17   25.3   32.8  10:20   20.1  05:05    0.0    7.0    0.0    3.1   27.4  18:10    76
 18   23.8   27.3  12:55   21.3  00:00    0.0    5.5    0.0    4.4   30.6  17:00   110
 19   22.8   26.3  12:40   18.4  00:00    0.0    4.4    0.0    3.0   22.5  13:55   103
 20   22.4   27.4  12:50   17.8  05:20    0.0    4.1    0.0    2.4   16.1  12:25    61
 21   23.0   28.8  12:45   17.5  04:15    0.0    4.7    0.0    2.2   20.9  14:45    34
 22   23.2   28.7  13:00   18.1  23:55    0.0    4.9    0.0    2.3   22.5  13:40    30
 23   24.0   33.3  13:00   16.3  05:05    0.0    5.7    0.0    3.4   19.3  10:05     3
 24   24.7   31.1  10:10   19.6  03:00    0.0    6.4    0.0    3.9   25.7  17:45    71
 25   23.4   26.3  14:20   21.0  20:55    0.0    5.0    0.0    2.5   20.9  01:00   116
 26   23.6   28.4  10:30   19.3  03:25    0.0    5.2    0.0    2.1   17.7  12:40    39
 27   23.3   28.6  13:00   18.7  03:45    0.0    5.0    0.0    2.1   20.9  12:10    47
 28   23.3   29.4  12:50   17.4  05:10    0.0    5.0    0.0    2.9   19.3  15:20    20
 29   24.7   33.8  12:25   16.4  04:55    0.0    6.4    0.0    3.3   24.1  15:50     3
 30   24.4   28.5  14:15   19.2  04:40    0.0    6.1    1.0    2.6   20.9  10:00    88
--------------------------------------------------------------------------------------
      22.9   33.8     29   14.7     03    0.0  136.0    3.4    2.8   30.6     18    61