NOAA Style Climate Reports


Report for February 2021
                   MONTHLY CLIMATOLOGICAL SUMMARY for Feb 2021


NAME: Narangba, Queensland, Australia                  
ELEV: 46 metres    LAT: 27-11.15 S    LONG: 152-57.42 E


                   TEMPERATURE (°C), RAIN (mm), WIND SPEED (km/h)

                                         HEAT   COOL         AVG
      MEAN                               DEG    DEG          WIND                  DOM
DAY   TEMP   HIGH   TIME    LOW   TIME   DAYS   DAYS   RAIN  SPEED   HIGH   TIME   DIR
--------------------------------------------------------------------------------------
 01   24.8   28.6  11:50   21.4  02:40    0.0    6.4    0.8    2.5   20.9  12:15   114
 02   22.2   24.9  11:35   20.9  02:05    0.0    3.9   52.2    1.2   14.5  00:10   192
 03   23.9   28.2  12:30   19.8  23:55    0.0    5.5    0.0    2.8   29.0  12:35   134
 04   24.1   29.5  15:05   19.3  04:20    0.0    5.7    0.0    1.7   17.7  08:20    99
 05   24.1   29.1  12:00   20.1  05:20    0.0    5.7    0.4    1.4   16.1  12:40    77
 06   25.1   30.8  13:55   20.1  03:25    0.0    6.7    0.0    1.3   12.9  06:40   105
 07   26.8   34.3  12:35   21.0  05:15    0.0    8.5    0.0    1.0   14.5  10:15    42
 08   25.5   29.0  10:45   23.1  04:10    0.0    7.1    0.0    3.3   24.1  15:30   125
 09   24.3   28.0  10:30   20.8  00:00    0.0    5.9    0.0    3.5   30.6  09:20   140
 10   22.9   27.8  15:50   19.6  05:00    0.0    4.6    1.4    2.3   19.3  09:30   150
 11   22.8   26.8  12:35   18.0  06:10    0.0    4.4    0.0    1.5   17.7  13:35    76
 12   24.4   29.5  13:00   20.2  00:00    0.0    6.1    0.0    1.9   27.4  15:10    27
 13   24.8   32.2  13:15   18.1  05:30    0.0    6.4    0.0    2.7   22.5  15:55    17
 14   24.7   29.6  14:25   22.1  07:40    0.0    6.3    4.4    2.4   25.7  17:45   161
 15   23.8   28.4  12:20   19.7  00:00    0.0    5.5    0.0    3.9   25.7  08:20   144
 16   22.7   27.8  13:20   19.5  00:20    0.0    4.4   16.2    3.4   22.5  16:35   169
 17   22.5   28.4  13:15   19.0  03:50    0.0    4.2    2.8    4.6   40.2  10:15   160
 18   22.9   27.4  14:40   19.5  05:55    0.0    4.5    6.0    4.9   25.7  02:10   165
 19   24.4   29.4  13:05   20.8  05:05    0.0    6.1    4.4    2.5   20.9  08:30   168
 20   24.9   28.9  15:00   21.9  00:00    0.0    6.5    0.0    1.7   17.7  10:40   177
 21   27.0   35.6  14:25   21.5  00:55    0.0    8.6    0.0    2.6   25.7  10:10   193
 22   26.6   34.4  12:00   20.5  05:30    0.0    8.3    0.2    1.9   20.9  23:05    36
 23   25.3   31.6  13:05   20.2  23:55    0.0    7.0   33.4    2.4   37.0  19:10    46
 24   24.0   29.4  12:20   20.1  00:35    0.0    5.7    4.8    1.4   17.7  17:35    81
 25   24.4   28.3  15:00   21.9  05:00    0.0    6.1   34.2    0.7   14.5  10:55    56
 26   25.5   30.8  13:15   21.2  06:00    0.0    7.1    0.0    1.4   14.5  13:40    38
 27   25.2   30.8  13:10   21.3  03:00    0.0    6.9    3.0    0.8   11.3  11:10    60
 28   25.6   29.9  12:00   22.8  04:55    0.0    7.3    0.0    1.0   12.9  14:30    20
--------------------------------------------------------------------------------------
      24.5   35.6     21   18.0     11    0.0  171.8  164.2    2.2   40.2     17   130