NOAA-Style Climate Reports


Report for 2021 September
                   MONTHLY CLIMATOLOGICAL SUMMARY for Sep 2021


NAME: Narangba, Queensland, Australia                  
ELEV: 46 metres    LAT: 27-11.15 S    LONG: 152-57.42 E


                   TEMPERATURE (°C), RAIN (mm), WIND SPEED (km/h)

                                         HEAT   COOL         AVG
      MEAN                               DEG    DEG          WIND                  DOM
DAY   TEMP   HIGH   TIME    LOW   TIME   DAYS   DAYS   RAIN  SPEED   HIGH   TIME   DIR
--------------------------------------------------------------------------------------
 01   19.4   25.4  11:53   15.8  06:01    0.0    1.1    0.0    0.9   14.5  16:30    65
 02   18.9   23.2  13:04   14.8  23:25    0.0    0.6    1.0    1.4   17.7  14:43   104
 03   18.0   23.0  13:23   14.5  02:07    0.4    0.0    4.0    2.1   22.5  12:54    75
 04   17.4   22.3  09:50   13.4  03:35    0.9    0.0    0.2    1.4   16.1  12:55    38
 05   17.6   25.3  12:53   13.4  06:19    0.7    0.0    0.0    3.0   29.0  15:50   223
 06   15.7   23.3  15:50   11.6  00:00    2.6    0.0    0.0    1.9   19.3  10:06   198
 07   15.4   24.3  15:10    9.2  00:00    3.0    0.0    0.0    2.7   27.4  09:20   181
 08   15.4   23.8  12:51    6.8  06:01    3.0    0.0    0.0    1.5   22.5  09:50   112
 09   16.9   23.6  13:50   11.2  23:50    1.5    0.0    0.0    1.5   16.1  11:57    81
 10   18.3   29.8  13:36    8.7  04:50    0.0    0.0    0.0    1.3   20.9  09:30   353
 11   17.9   25.8  14:06    9.7  06:10    0.4    0.0    0.0    1.8   17.7  14:13    35
 12   18.7   27.7  13:55    8.9  05:54    0.0    0.4    0.0    3.2   24.1  09:53     8
 13   20.7   31.7  12:50   13.7  23:40    0.0    2.4   12.2    1.5   27.4  11:55   326
 14   16.9   22.1  13:17   11.3  23:17    1.4    0.0    0.0    4.9   45.1  14:05   198
 15   15.4   23.7  13:10    7.2  03:12    3.0    0.0    0.0    2.4   32.2  08:21   163
 16   16.0   23.6  11:37    8.8  06:11    2.3    0.0    0.0    1.5   17.7  12:16    80
 17   17.0   23.3  12:29   11.6  04:35    1.3    0.0    0.0    1.7   24.1  14:30    72
 18   18.6   26.0  13:07   10.9  05:51    0.0    0.3    0.0    2.7   25.7  14:55     7
 19   18.7   28.2  10:51   14.4  06:20    0.0    0.3    0.0    0.5   11.3  09:27   167
 20
 21
 22
 23
 24
 25
 26
 27
 28
 29
 30
--------------------------------------------------------------------------------------
      17.5   31.7     13    6.8     08   20.5    5.0   17.4    2.0   45.1     14   110